Last updated on 2022-04-24 03:52:29 CEST.
Flavor | Version | Tinstall | Tcheck | Ttotal | Status | Flags |
---|---|---|---|---|---|---|
r-devel-linux-x86_64-debian-clang | 0.1.2 | 5.01 | 106.71 | 111.72 | OK | |
r-devel-linux-x86_64-debian-gcc | 0.1.2 | 3.85 | 78.80 | 82.65 | OK | |
r-devel-linux-x86_64-fedora-clang | 0.1.2 | 131.43 | NOTE | |||
r-devel-linux-x86_64-fedora-gcc | 0.1.2 | 116.67 | NOTE | |||
r-patched-linux-x86_64 | 0.1.2 | 4.69 | 99.42 | 104.11 | OK | |
r-release-linux-x86_64 | 0.1.2 | 4.50 | 101.31 | 105.81 | OK | |
r-release-macos-arm64 | 0.1.2 | NOTE | ||||
r-release-macos-x86_64 | 0.1.2 | NOTE | ||||
r-release-windows-x86_64 | 0.1.2 | 21.00 | 135.00 | 156.00 | OK | |
r-oldrel-macos-arm64 | 0.1.2 | NOTE | ||||
r-oldrel-macos-x86_64 | 0.1.2 | NOTE | ||||
r-oldrel-windows-ix86+x86_64 | 0.1.2 | 11.00 | 130.00 | 141.00 | OK |
Version: 0.1.2
Check: dependencies in R code
Result: NOTE
Namespaces in Imports field not imported from:
‘data.table’ ‘utf8’
All declared Imports should be used.
Flavors: r-devel-linux-x86_64-fedora-clang, r-devel-linux-x86_64-fedora-gcc, r-release-macos-arm64, r-release-macos-x86_64, r-oldrel-macos-arm64, r-oldrel-macos-x86_64