Last updated on 2022-04-24 03:52:29 CEST.
Flavor | Version | Tinstall | Tcheck | Ttotal | Status | Flags |
---|---|---|---|---|---|---|
r-devel-linux-x86_64-debian-clang | 1.0.2 | 7.73 | 85.53 | 93.26 | NOTE | |
r-devel-linux-x86_64-debian-gcc | 1.0.2 | 4.74 | 62.99 | 67.73 | NOTE | |
r-devel-linux-x86_64-fedora-clang | 1.0.2 | 106.59 | NOTE | |||
r-devel-linux-x86_64-fedora-gcc | 1.0.2 | 95.32 | NOTE | |||
r-patched-linux-x86_64 | 1.0.2 | 9.59 | 79.99 | 89.58 | NOTE | |
r-release-linux-x86_64 | 1.0.2 | 6.30 | 74.08 | 80.38 | NOTE | |
r-release-macos-arm64 | 1.0.2 | NOTE | ||||
r-release-macos-x86_64 | 1.0.2 | NOTE | ||||
r-release-windows-x86_64 | 1.0.2 | 16.00 | 112.00 | 128.00 | NOTE | |
r-oldrel-macos-arm64 | 1.0.2 | NOTE | ||||
r-oldrel-macos-x86_64 | 1.0.2 | NOTE | ||||
r-oldrel-windows-ix86+x86_64 | 1.0.2 | 18.00 | 102.00 | 120.00 | NOTE |
Version: 1.0.2
Check: LazyData
Result: NOTE
'LazyData' is specified without a 'data' directory
Flavors: r-devel-linux-x86_64-debian-clang, r-devel-linux-x86_64-debian-gcc, r-devel-linux-x86_64-fedora-clang, r-devel-linux-x86_64-fedora-gcc, r-patched-linux-x86_64, r-release-linux-x86_64, r-release-macos-arm64, r-release-macos-x86_64, r-release-windows-x86_64, r-oldrel-macos-arm64, r-oldrel-macos-x86_64, r-oldrel-windows-ix86+x86_64
Version: 1.0.2
Check: Rd cross-references
Result: NOTE
Undeclared package ‘tm’ in Rd xrefs
Flavor: r-devel-linux-x86_64-fedora-clang