Last updated on 2022-04-24 03:52:29 CEST.
Flavor | Version | Tinstall | Tcheck | Ttotal | Status | Flags |
---|---|---|---|---|---|---|
r-devel-linux-x86_64-debian-clang | 0.5.1 | 12.40 | 117.63 | 130.03 | NOTE | |
r-devel-linux-x86_64-debian-gcc | 0.5.1 | 8.28 | 86.41 | 94.69 | NOTE | |
r-devel-linux-x86_64-fedora-clang | 0.5.1 | 154.02 | NOTE | |||
r-devel-linux-x86_64-fedora-gcc | 0.5.1 | 137.27 | NOTE | |||
r-patched-linux-x86_64 | 0.5.1 | 12.18 | 110.42 | 122.60 | NOTE | |
r-release-linux-x86_64 | 0.5.1 | 8.45 | 102.60 | 111.05 | NOTE | |
r-release-macos-arm64 | 0.5.1 | NOTE | ||||
r-release-macos-x86_64 | 0.5.1 | NOTE | ||||
r-release-windows-x86_64 | 0.5.1 | 32.00 | 128.00 | 160.00 | NOTE | |
r-oldrel-macos-arm64 | 0.5.1 | NOTE | ||||
r-oldrel-macos-x86_64 | 0.5.1 | NOTE | ||||
r-oldrel-windows-ix86+x86_64 | 0.5.1 | 26.00 | 119.00 | 145.00 | NOTE |
Version: 0.5.1
Check: LazyData
Result: NOTE
'LazyData' is specified without a 'data' directory
Flavors: r-devel-linux-x86_64-debian-clang, r-devel-linux-x86_64-debian-gcc, r-devel-linux-x86_64-fedora-clang, r-devel-linux-x86_64-fedora-gcc, r-patched-linux-x86_64, r-release-linux-x86_64, r-release-macos-arm64, r-release-macos-x86_64, r-release-windows-x86_64, r-oldrel-macos-arm64, r-oldrel-macos-x86_64, r-oldrel-windows-ix86+x86_64