Last updated on 2022-04-24 03:52:29 CEST.
Flavor | Version | Tinstall | Tcheck | Ttotal | Status | Flags |
---|---|---|---|---|---|---|
r-devel-linux-x86_64-debian-clang | 2.1.4 | 136.71 | 126.52 | 263.23 | WARN | |
r-devel-linux-x86_64-debian-gcc | 2.1.4 | 108.73 | 92.59 | 201.32 | OK | |
r-devel-linux-x86_64-fedora-clang | 2.1.4 | 408.55 | WARN | |||
r-devel-linux-x86_64-fedora-gcc | 2.1.4 | 356.19 | OK | |||
r-patched-linux-x86_64 | 2.1.4 | 123.38 | 122.08 | 245.46 | OK | |
r-release-linux-x86_64 | 2.1.4 | 119.04 | 121.39 | 240.43 | OK | |
r-release-macos-arm64 | 2.1.4 | NOTE | ||||
r-release-macos-x86_64 | 2.1.4 | NOTE | ||||
r-release-windows-x86_64 | 2.1.4 | 107.00 | 188.00 | 295.00 | OK | |
r-oldrel-macos-arm64 | 2.1.4 | NOTE | ||||
r-oldrel-macos-x86_64 | 2.1.4 | NOTE | ||||
r-oldrel-windows-ix86+x86_64 | 2.1.4 | 318.00 | 210.00 | 528.00 | OK |
Version: 2.1.4
Check: whether package can be installed
Result: WARN
Found the following significant warnings:
em.cpp:103:7: warning: use of bitwise '&' with boolean operands [-Wbitwise-instead-of-logical]
Flavors: r-devel-linux-x86_64-debian-clang, r-devel-linux-x86_64-fedora-clang
Version: 2.1.4
Check: installed package size
Result: NOTE
installed size is 6.8Mb
sub-directories of 1Mb or more:
libs 6.1Mb
Flavors: r-release-macos-arm64, r-release-macos-x86_64, r-oldrel-macos-arm64, r-oldrel-macos-x86_64