Last updated on 2022-04-24 03:52:29 CEST.
Flavor | Version | Tinstall | Tcheck | Ttotal | Status | Flags |
---|---|---|---|---|---|---|
r-devel-linux-x86_64-debian-clang | 1.2 | 2.67 | 29.90 | 32.57 | OK | |
r-devel-linux-x86_64-debian-gcc | 1.2 | 2.18 | 22.54 | 24.72 | OK | |
r-devel-linux-x86_64-fedora-clang | 1.2 | 39.77 | NOTE | |||
r-devel-linux-x86_64-fedora-gcc | 1.2 | 27.78 | NOTE | |||
r-patched-linux-x86_64 | 1.2 | 2.26 | 28.35 | 30.61 | OK | |
r-release-linux-x86_64 | 1.2 | 2.21 | 27.66 | 29.87 | OK | |
r-release-macos-arm64 | 1.2 | OK | ||||
r-release-macos-x86_64 | 1.2 | OK | ||||
r-release-windows-x86_64 | 1.2 | 26.00 | 41.00 | 67.00 | OK | |
r-oldrel-macos-arm64 | 1.2 | OK | ||||
r-oldrel-macos-x86_64 | 1.2 | OK | ||||
r-oldrel-windows-ix86+x86_64 | 1.2 | 8.00 | 28.00 | 36.00 | OK |
Version: 1.2
Check: compiled code
Result: NOTE
File ‘leaderCluster/libs/leaderCluster.so’:
Found no calls to: ‘R_registerRoutines’, ‘R_useDynamicSymbols’
It is good practice to register native routines and to disable symbol
search.
See ‘Writing portable packages’ in the ‘Writing R Extensions’ manual.
Flavors: r-devel-linux-x86_64-fedora-clang, r-devel-linux-x86_64-fedora-gcc