Last updated on 2022-04-24 03:52:29 CEST.
Flavor | Version | Tinstall | Tcheck | Ttotal | Status | Flags |
---|---|---|---|---|---|---|
r-devel-linux-x86_64-debian-clang | 1.1.0 | 4.82 | 56.46 | 61.28 | OK | |
r-devel-linux-x86_64-debian-gcc | 1.1.0 | 3.82 | 43.67 | 47.49 | OK | |
r-devel-linux-x86_64-fedora-clang | 1.1.0 | 74.36 | NOTE | |||
r-devel-linux-x86_64-fedora-gcc | 1.1.0 | 62.45 | OK | |||
r-patched-linux-x86_64 | 1.1.0 | 12.50 | 54.75 | 67.25 | OK | |
r-release-linux-x86_64 | 1.1.0 | 4.17 | 53.06 | 57.23 | OK | |
r-release-macos-arm64 | 1.1.0 | OK | ||||
r-release-macos-x86_64 | 1.1.0 | OK | ||||
r-release-windows-x86_64 | 1.1.0 | 250.00 | 84.00 | 334.00 | OK | |
r-oldrel-macos-arm64 | 1.1.0 | OK | ||||
r-oldrel-macos-x86_64 | 1.1.0 | OK | ||||
r-oldrel-windows-ix86+x86_64 | 1.1.0 | 12.00 | 68.00 | 80.00 | OK |
Version: 1.1.0
Check: Rd cross-references
Result: NOTE
Undeclared package ‘htmlwidgets’ in Rd xrefs
Flavor: r-devel-linux-x86_64-fedora-clang