Last updated on 2022-04-24 03:52:29 CEST.
Flavor | Version | Tinstall | Tcheck | Ttotal | Status | Flags |
---|---|---|---|---|---|---|
r-devel-linux-x86_64-debian-clang | 0.1.1 | 2.45 | 61.08 | 63.53 | NOTE | |
r-devel-linux-x86_64-debian-gcc | 0.1.1 | 1.76 | 44.20 | 45.96 | NOTE | |
r-devel-linux-x86_64-fedora-clang | 0.1.1 | 73.32 | NOTE | |||
r-devel-linux-x86_64-fedora-gcc | 0.1.1 | 60.98 | NOTE | |||
r-patched-linux-x86_64 | 0.1.1 | 2.36 | 58.13 | 60.49 | NOTE | |
r-release-linux-x86_64 | 0.1.1 | 1.40 | 55.84 | 57.24 | NOTE | |
r-release-macos-arm64 | 0.1.1 | NOTE | ||||
r-release-macos-x86_64 | 0.1.1 | WARN | ||||
r-release-windows-x86_64 | 0.1.1 | 47.00 | 83.00 | 130.00 | NOTE | |
r-oldrel-macos-arm64 | 0.1.1 | NOTE | ||||
r-oldrel-macos-x86_64 | 0.1.1 | WARN | ||||
r-oldrel-windows-ix86+x86_64 | 0.1.1 | 5.00 | 71.00 | 76.00 | NOTE |
Version: 0.1.1
Check: LazyData
Result: NOTE
'LazyData' is specified without a 'data' directory
Flavors: r-devel-linux-x86_64-debian-clang, r-devel-linux-x86_64-debian-gcc, r-devel-linux-x86_64-fedora-clang, r-devel-linux-x86_64-fedora-gcc, r-patched-linux-x86_64, r-release-linux-x86_64, r-release-macos-arm64, r-release-macos-x86_64, r-release-windows-x86_64, r-oldrel-macos-arm64, r-oldrel-macos-x86_64, r-oldrel-windows-ix86+x86_64
Version: 0.1.1
Check: re-building of vignette outputs
Result: WARN
Error(s) in re-building vignettes:
--- re-building ‘usage-leaflet.Rmd’ using rmarkdown
Warning in engine$weave(file, quiet = quiet, encoding = enc) :
Pandoc (>= 1.12.3) not available. Falling back to R Markdown v1.
Loading required package: sp
Warning in showSRID(uprojargs, format = "PROJ", multiline = "NO", prefer_proj = prefer_proj) :
Discarded ellps WGS 84 in Proj4 definition: +proj=merc +a=6378137 +b=6378137 +lat_ts=0 +lon_0=0 +x_0=0 +y_0=0 +k=1 +units=m +nadgrids=@null +wktext +no_defs +type=crs
Warning in showSRID(uprojargs, format = "PROJ", multiline = "NO", prefer_proj = prefer_proj) :
Discarded datum World Geodetic System 1984 in Proj4 definition
Warning in showSRID(uprojargs, format = "PROJ", multiline = "NO", prefer_proj = prefer_proj) :
Discarded ellps WGS 84 in Proj4 definition: +proj=merc +a=6378137 +b=6378137 +lat_ts=0 +lon_0=0 +x_0=0 +y_0=0 +k=1 +units=m +nadgrids=@null +wktext +no_defs +type=crs
Warning in showSRID(uprojargs, format = "PROJ", multiline = "NO", prefer_proj = prefer_proj) :
Discarded datum World Geodetic System 1984 in Proj4 definition
Quitting from lines 32-38 (usage-leaflet.Rmd)
Error: processing vignette 'usage-leaflet.Rmd' failed with diagnostics:
invalid 'path' argument
--- failed re-building ‘usage-leaflet.Rmd’
--- re-building ‘usage-leafletProxy.Rmd’ using rmarkdown
Warning in engine$weave(file, quiet = quiet, encoding = enc) :
Pandoc (>= 1.12.3) not available. Falling back to R Markdown v1.
--- finished re-building ‘usage-leafletProxy.Rmd’
SUMMARY: processing the following file failed:
‘usage-leaflet.Rmd’
Error: Vignette re-building failed.
Execution halted
Flavors: r-release-macos-x86_64, r-oldrel-macos-x86_64