Last updated on 2022-04-24 03:52:29 CEST.
Flavor | Version | Tinstall | Tcheck | Ttotal | Status | Flags |
---|---|---|---|---|---|---|
r-devel-linux-x86_64-debian-clang | 0.1.0 | 2.40 | 57.68 | 60.08 | NOTE | |
r-devel-linux-x86_64-debian-gcc | 0.1.0 | 1.90 | 43.29 | 45.19 | NOTE | |
r-devel-linux-x86_64-fedora-clang | 0.1.0 | 71.85 | NOTE | |||
r-devel-linux-x86_64-fedora-gcc | 0.1.0 | 59.28 | NOTE | |||
r-patched-linux-x86_64 | 0.1.0 | 1.79 | 55.65 | 57.44 | NOTE | |
r-release-linux-x86_64 | 0.1.0 | 1.55 | 52.25 | 53.80 | NOTE | |
r-release-macos-arm64 | 0.1.0 | NOTE | ||||
r-release-macos-x86_64 | 0.1.0 | NOTE | ||||
r-release-windows-x86_64 | 0.1.0 | 56.00 | 80.00 | 136.00 | NOTE | |
r-oldrel-macos-arm64 | 0.1.0 | NOTE | ||||
r-oldrel-macos-x86_64 | 0.1.0 | NOTE | ||||
r-oldrel-windows-ix86+x86_64 | 0.1.0 | 5.00 | 66.00 | 71.00 | NOTE |
Version: 0.1.0
Check: LazyData
Result: NOTE
'LazyData' is specified without a 'data' directory
Flavors: r-devel-linux-x86_64-debian-clang, r-devel-linux-x86_64-debian-gcc, r-devel-linux-x86_64-fedora-clang, r-devel-linux-x86_64-fedora-gcc, r-patched-linux-x86_64, r-release-linux-x86_64, r-release-macos-arm64, r-release-macos-x86_64, r-release-windows-x86_64, r-oldrel-macos-arm64, r-oldrel-macos-x86_64, r-oldrel-windows-ix86+x86_64