Last updated on 2022-04-24 03:52:29 CEST.
Flavor | Version | Tinstall | Tcheck | Ttotal | Status | Flags |
---|---|---|---|---|---|---|
r-devel-linux-x86_64-debian-clang | 0.2.0 | 2.46 | 37.94 | 40.40 | NOTE | |
r-devel-linux-x86_64-debian-gcc | 0.2.0 | 1.91 | 29.15 | 31.06 | NOTE | |
r-devel-linux-x86_64-fedora-clang | 0.2.0 | 50.10 | NOTE | |||
r-devel-linux-x86_64-fedora-gcc | 0.2.0 | 37.35 | NOTE | |||
r-patched-linux-x86_64 | 0.2.0 | 2.90 | 36.47 | 39.37 | NOTE | |
r-release-linux-x86_64 | 0.2.0 | 2.40 | 35.25 | 37.65 | NOTE | |
r-release-macos-arm64 | 0.2.0 | NOTE | ||||
r-release-macos-x86_64 | 0.2.0 | NOTE | ||||
r-release-windows-x86_64 | 0.2.0 | 12.00 | 55.00 | 67.00 | NOTE | |
r-oldrel-macos-arm64 | 0.2.0 | NOTE | ||||
r-oldrel-macos-x86_64 | 0.2.0 | NOTE | ||||
r-oldrel-windows-ix86+x86_64 | 0.2.0 | 8.00 | 45.00 | 53.00 | NOTE |
Version: 0.2.0
Check: LazyData
Result: NOTE
'LazyData' is specified without a 'data' directory
Flavors: r-devel-linux-x86_64-debian-clang, r-devel-linux-x86_64-debian-gcc, r-devel-linux-x86_64-fedora-clang, r-devel-linux-x86_64-fedora-gcc, r-patched-linux-x86_64, r-release-linux-x86_64, r-release-macos-arm64, r-release-macos-x86_64, r-release-windows-x86_64, r-oldrel-macos-arm64, r-oldrel-macos-x86_64, r-oldrel-windows-ix86+x86_64