Last updated on 2022-04-24 03:52:29 CEST.
Flavor | Version | Tinstall | Tcheck | Ttotal | Status | Flags |
---|---|---|---|---|---|---|
r-devel-linux-x86_64-debian-clang | 0.3.1 | 1.61 | 40.39 | 42.00 | NOTE | |
r-devel-linux-x86_64-debian-gcc | 0.3.1 | 1.79 | 31.40 | 33.19 | NOTE | |
r-devel-linux-x86_64-fedora-clang | 0.3.1 | 53.14 | NOTE | |||
r-devel-linux-x86_64-fedora-gcc | 0.3.1 | 40.90 | NOTE | |||
r-patched-linux-x86_64 | 0.3.1 | 6.90 | 39.42 | 46.32 | NOTE | |
r-release-linux-x86_64 | 0.3.1 | 1.52 | 38.09 | 39.61 | NOTE | |
r-release-macos-arm64 | 0.3.1 | NOTE | ||||
r-release-macos-x86_64 | 0.3.1 | NOTE | ||||
r-release-windows-x86_64 | 0.3.1 | 20.00 | 68.00 | 88.00 | NOTE | |
r-oldrel-macos-arm64 | 0.3.1 | NOTE | ||||
r-oldrel-macos-x86_64 | 0.3.1 | NOTE | ||||
r-oldrel-windows-ix86+x86_64 | 0.3.1 | 6.00 | 49.00 | 55.00 | NOTE |
Version: 0.3.1
Check: LazyData
Result: NOTE
'LazyData' is specified without a 'data' directory
Flavors: r-devel-linux-x86_64-debian-clang, r-devel-linux-x86_64-debian-gcc, r-devel-linux-x86_64-fedora-clang, r-devel-linux-x86_64-fedora-gcc, r-patched-linux-x86_64, r-release-linux-x86_64, r-release-macos-arm64, r-release-macos-x86_64, r-release-windows-x86_64, r-oldrel-macos-arm64, r-oldrel-macos-x86_64, r-oldrel-windows-ix86+x86_64