Last updated on 2022-04-24 03:52:29 CEST.
Flavor | Version | Tinstall | Tcheck | Ttotal | Status | Flags |
---|---|---|---|---|---|---|
r-devel-linux-x86_64-debian-clang | 1.2 | 30.44 | 278.85 | 309.29 | NOTE | |
r-devel-linux-x86_64-debian-gcc | 1.2 | 25.13 | 205.35 | 230.48 | NOTE | |
r-devel-linux-x86_64-fedora-clang | 1.2 | 394.10 | NOTE | |||
r-devel-linux-x86_64-fedora-gcc | 1.2 | 372.42 | NOTE | |||
r-patched-linux-x86_64 | 1.2 | 24.24 | 255.30 | 279.54 | NOTE | |
r-release-linux-x86_64 | 1.2 | 27.97 | 230.53 | 258.50 | NOTE | |
r-release-macos-arm64 | 1.2 | NOTE | ||||
r-release-macos-x86_64 | 1.2 | NOTE | ||||
r-release-windows-x86_64 | 1.2 | 34.00 | 252.00 | 286.00 | NOTE | |
r-oldrel-macos-arm64 | 1.2 | NOTE | ||||
r-oldrel-macos-x86_64 | 1.2 | NOTE | ||||
r-oldrel-windows-ix86+x86_64 | 1.2 | 61.00 | 242.00 | 303.00 | NOTE |
Version: 1.2
Check: R code for possible problems
Result: NOTE
AlternateSVD: no visible binding for global variable 'sd'
IPOD: no visible global function definition for 'mad'
IPOD: no visible global function definition for 'pnorm'
Pvalue: no visible global function definition for 'pf'
ROCplot: no visible global function definition for 'png'
ROCplot: no visible global function definition for 'matplot'
ROCplot: no visible global function definition for 'legend'
ROCplot: no visible global function definition for 'dev.off'
leapp: no visible global function definition for 'png'
leapp: no visible global function definition for 'dev.off'
ridge: no visible global function definition for 'sd'
ridge: no visible global function definition for 'pnorm'
Undefined global functions or variables:
dev.off legend mad matplot pf png pnorm sd
Consider adding
importFrom("grDevices", "dev.off", "png")
importFrom("graphics", "legend", "matplot")
importFrom("stats", "mad", "pf", "pnorm", "sd")
to your NAMESPACE file.
Flavors: r-devel-linux-x86_64-debian-clang, r-devel-linux-x86_64-debian-gcc, r-devel-linux-x86_64-fedora-clang, r-devel-linux-x86_64-fedora-gcc, r-patched-linux-x86_64, r-release-linux-x86_64, r-release-macos-arm64, r-release-macos-x86_64, r-release-windows-x86_64, r-oldrel-macos-arm64, r-oldrel-macos-x86_64, r-oldrel-windows-ix86+x86_64