Last updated on 2022-04-24 03:52:29 CEST.
Flavor | Version | Tinstall | Tcheck | Ttotal | Status | Flags |
---|---|---|---|---|---|---|
r-devel-linux-x86_64-debian-clang | 0.29.1 | 1.52 | 32.15 | 33.67 | OK | |
r-devel-linux-x86_64-debian-gcc | 0.29.1 | 1.18 | 24.93 | 26.11 | OK | |
r-devel-linux-x86_64-fedora-clang | 0.29.1 | 42.41 | NOTE | |||
r-devel-linux-x86_64-fedora-gcc | 0.29.1 | 30.62 | NOTE | |||
r-patched-linux-x86_64 | 0.29.1 | 2.21 | 31.37 | 33.58 | OK | |
r-release-linux-x86_64 | 0.29.1 | 1.47 | 30.67 | 32.14 | OK | |
r-release-macos-arm64 | 0.29.1 | NOTE | ||||
r-release-macos-x86_64 | 0.29.1 | NOTE | ||||
r-release-windows-x86_64 | 0.29.1 | 57.00 | 48.00 | 105.00 | OK | |
r-oldrel-macos-arm64 | 0.29.1 | NOTE | ||||
r-oldrel-macos-x86_64 | 0.29.1 | NOTE | ||||
r-oldrel-windows-ix86+x86_64 | 0.29.1 | 5.00 | 37.00 | 42.00 | OK |
Version: 0.29.1
Check: Rd cross-references
Result: NOTE
Undeclared package ‘pracma’ in Rd xrefs
Flavor: r-devel-linux-x86_64-fedora-clang
Version: 0.29.1
Check: data for non-ASCII characters
Result: NOTE
Note: found 78 marked UTF-8 strings
Flavors: r-devel-linux-x86_64-fedora-clang, r-devel-linux-x86_64-fedora-gcc, r-release-macos-arm64, r-release-macos-x86_64, r-oldrel-macos-arm64, r-oldrel-macos-x86_64