Last updated on 2022-04-24 03:52:29 CEST.
Flavor | Version | Tinstall | Tcheck | Ttotal | Status | Flags |
---|---|---|---|---|---|---|
r-devel-linux-x86_64-debian-clang | 1.0.0 | 5.21 | 116.00 | 121.21 | OK | |
r-devel-linux-x86_64-debian-gcc | 1.0.0 | 4.15 | 89.96 | 94.11 | OK | |
r-devel-linux-x86_64-fedora-clang | 1.0.0 | 146.52 | NOTE | |||
r-devel-linux-x86_64-fedora-gcc | 1.0.0 | 130.70 | NOTE | |||
r-patched-linux-x86_64 | 1.0.0 | 4.26 | 110.91 | 115.17 | OK | |
r-release-linux-x86_64 | 1.0.0 | 4.04 | 112.55 | 116.59 | OK | |
r-release-macos-arm64 | 1.0.0 | NOTE | ||||
r-release-macos-x86_64 | 1.0.0 | NOTE | ||||
r-release-windows-x86_64 | 1.0.0 | 26.00 | 153.00 | 179.00 | OK | |
r-oldrel-macos-arm64 | 1.0.0 | NOTE | ||||
r-oldrel-macos-x86_64 | 1.0.0 | NOTE | ||||
r-oldrel-windows-ix86+x86_64 | 1.0.0 | 13.00 | 135.00 | 148.00 | OK |
Version: 1.0.0
Check: data for non-ASCII characters
Result: NOTE
Note: found 1 marked UTF-8 string
Flavors: r-devel-linux-x86_64-fedora-clang, r-devel-linux-x86_64-fedora-gcc, r-release-macos-arm64, r-release-macos-x86_64, r-oldrel-macos-arm64, r-oldrel-macos-x86_64