Last updated on 2022-04-24 03:52:29 CEST.
Flavor | Version | Tinstall | Tcheck | Ttotal | Status | Flags |
---|---|---|---|---|---|---|
r-devel-linux-x86_64-debian-clang | 5.1.0 | 448.80 | 265.12 | 713.92 | OK | |
r-devel-linux-x86_64-debian-gcc | 5.1.0 | 429.48 | 194.49 | 623.97 | OK | |
r-devel-linux-x86_64-fedora-clang | 5.1.0 | 981.15 | NOTE | |||
r-devel-linux-x86_64-fedora-gcc | 5.1.0 | 930.18 | OK | |||
r-patched-linux-x86_64 | 5.1.0 | 361.63 | 251.95 | 613.58 | OK | |
r-release-linux-x86_64 | 5.1.0 | 378.12 | 249.35 | 627.47 | OK | |
r-release-macos-arm64 | 5.1.0 | NOTE | ||||
r-release-macos-x86_64 | 5.1.0 | NOTE | ||||
r-release-windows-x86_64 | 5.1.0 | 238.00 | 342.00 | 580.00 | NOTE | |
r-oldrel-macos-arm64 | 5.1.0 | NOTE | ||||
r-oldrel-macos-x86_64 | 5.1.0 | NOTE | ||||
r-oldrel-windows-ix86+x86_64 | 5.1.0 | 751.00 | 404.00 | 1155.00 | NOTE |
Version: 5.1.0
Check: installed package size
Result: NOTE
installed size is 27.8Mb
sub-directories of 1Mb or more:
doc 2.7Mb
libs 23.9Mb
Flavors: r-devel-linux-x86_64-fedora-clang, r-release-macos-arm64, r-release-macos-x86_64, r-release-windows-x86_64, r-oldrel-macos-arm64, r-oldrel-macos-x86_64, r-oldrel-windows-ix86+x86_64