Last updated on 2022-04-24 03:52:29 CEST.
Flavor | Version | Tinstall | Tcheck | Ttotal | Status | Flags |
---|---|---|---|---|---|---|
r-devel-linux-x86_64-debian-clang | 0.1.4 | 10.72 | 88.74 | 99.46 | OK | |
r-devel-linux-x86_64-debian-gcc | 0.1.4 | 6.85 | 65.74 | 72.59 | OK | |
r-devel-linux-x86_64-fedora-clang | 0.1.4 | 117.30 | NOTE | |||
r-devel-linux-x86_64-fedora-gcc | 0.1.4 | 101.89 | NOTE | |||
r-patched-linux-x86_64 | 0.1.4 | 9.38 | 82.90 | 92.28 | OK | |
r-release-linux-x86_64 | 0.1.4 | 8.62 | 90.28 | 98.90 | OK | |
r-release-macos-arm64 | 0.1.4 | NOTE | ||||
r-release-macos-x86_64 | 0.1.4 | NOTE | ||||
r-release-windows-x86_64 | 0.1.4 | 90.00 | 221.00 | 311.00 | OK | |
r-oldrel-macos-arm64 | 0.1.4 | NOTE | ||||
r-oldrel-macos-x86_64 | 0.1.4 | NOTE | ||||
r-oldrel-windows-ix86+x86_64 | 0.1.4 | 18.00 | 188.00 | 206.00 | OK |
Version: 0.1.4
Check: data for non-ASCII characters
Result: NOTE
Note: found 51 marked UTF-8 strings
Flavors: r-devel-linux-x86_64-fedora-clang, r-devel-linux-x86_64-fedora-gcc, r-release-macos-arm64, r-release-macos-x86_64, r-oldrel-macos-arm64, r-oldrel-macos-x86_64