Last updated on 2022-04-24 03:52:29 CEST.
Flavor | Version | Tinstall | Tcheck | Ttotal | Status | Flags |
---|---|---|---|---|---|---|
r-devel-linux-x86_64-debian-clang | 0.1.1 | 55.81 | 136.62 | 192.43 | OK | |
r-devel-linux-x86_64-debian-gcc | 0.1.1 | 47.16 | 99.78 | 146.94 | OK | |
r-devel-linux-x86_64-fedora-clang | 0.1.1 | 259.73 | OK | |||
r-devel-linux-x86_64-fedora-gcc | 0.1.1 | 223.93 | OK | |||
r-patched-linux-x86_64 | 0.1.1 | 45.45 | 128.38 | 173.83 | OK | |
r-release-linux-x86_64 | 0.1.1 | 37.76 | 128.33 | 166.09 | OK | |
r-release-macos-arm64 | 0.1.1 | OK | ||||
r-release-macos-x86_64 | 0.1.1 | OK | ||||
r-release-windows-x86_64 | 0.1.1 | 58.00 | 182.00 | 240.00 | NOTE | |
r-oldrel-macos-arm64 | 0.1.1 | OK | ||||
r-oldrel-macos-x86_64 | 0.1.1 | OK | ||||
r-oldrel-windows-ix86+x86_64 | 0.1.1 | 132.00 | 186.00 | 318.00 | NOTE |
Version: 0.1.1
Check: package dependencies
Result: NOTE
Package suggested but not available for checking: 'doMC'
Flavors: r-release-windows-x86_64, r-oldrel-windows-ix86+x86_64