Last updated on 2022-04-24 03:52:29 CEST.
Flavor | Version | Tinstall | Tcheck | Ttotal | Status | Flags |
---|---|---|---|---|---|---|
r-devel-linux-x86_64-debian-clang | 1.0.3 | 233.11 | 126.65 | 359.76 | NOTE | |
r-devel-linux-x86_64-debian-gcc | 1.0.3 | 195.14 | 92.13 | 287.27 | NOTE | |
r-patched-linux-x86_64 | 1.0.3 | 164.77 | 117.07 | 281.84 | NOTE | |
r-release-linux-x86_64 | 1.0.3 | 138.55 | 108.43 | 246.98 | NOTE | |
r-release-macos-arm64 | 1.0.3 | NOTE | ||||
r-release-macos-x86_64 | 1.0.3 | NOTE | ||||
r-release-windows-x86_64 | 1.0.3 | 676.00 | 162.00 | 838.00 | NOTE | |
r-oldrel-macos-arm64 | 1.0.3 | NOTE | ||||
r-oldrel-macos-x86_64 | 1.0.3 | NOTE | ||||
r-oldrel-windows-ix86+x86_64 | 1.0.3 | 476.00 | 9.00 | 485.00 | ERROR |
Version: 1.0.3
Check: for GNU extensions in Makefiles
Result: NOTE
GNU make is a SystemRequirements.
Flavors: r-devel-linux-x86_64-debian-clang, r-devel-linux-x86_64-debian-gcc, r-patched-linux-x86_64, r-release-linux-x86_64, r-release-macos-arm64, r-release-macos-x86_64, r-release-windows-x86_64, r-oldrel-macos-arm64, r-oldrel-macos-x86_64
Version: 1.0.3
Check: whether package can be installed
Result: ERROR
Installation failed.
Flavor: r-oldrel-windows-ix86+x86_64