Last updated on 2022-04-24 03:52:29 CEST.
Flavor | Version | Tinstall | Tcheck | Ttotal | Status | Flags |
---|---|---|---|---|---|---|
r-devel-linux-x86_64-debian-clang | 0.1.11 | 216.26 | 49.20 | 265.46 | OK | |
r-devel-linux-x86_64-debian-gcc | 0.1.11 | 186.27 | 37.77 | 224.04 | OK | |
r-devel-linux-x86_64-fedora-clang | 0.1.11 | 407.55 | NOTE | |||
r-devel-linux-x86_64-fedora-gcc | 0.1.11 | 333.96 | OK | |||
r-patched-linux-x86_64 | 0.1.11 | 181.51 | 47.35 | 228.86 | OK | |
r-release-linux-x86_64 | 0.1.11 | 183.92 | 49.59 | 233.51 | OK | |
r-release-macos-arm64 | 0.1.11 | NOTE | ||||
r-release-macos-x86_64 | 0.1.11 | NOTE | ||||
r-release-windows-x86_64 | 0.1.11 | 866.00 | 129.00 | 995.00 | OK | |
r-oldrel-macos-arm64 | 0.1.11 | NOTE | ||||
r-oldrel-macos-x86_64 | 0.1.11 | NOTE | ||||
r-oldrel-windows-ix86+x86_64 | 0.1.11 | 365.00 | 74.00 | 439.00 | OK |
Version: 0.1.11
Check: installed package size
Result: NOTE
installed size is 12.3Mb
sub-directories of 1Mb or more:
libs 11.9Mb
Flavors: r-devel-linux-x86_64-fedora-clang, r-release-macos-arm64, r-release-macos-x86_64, r-oldrel-macos-arm64, r-oldrel-macos-x86_64