Last updated on 2022-04-24 03:52:29 CEST.
Flavor | Version | Tinstall | Tcheck | Ttotal | Status | Flags |
---|---|---|---|---|---|---|
r-devel-linux-x86_64-debian-clang | 0.0.3 | 3.52 | 37.89 | 41.41 | NOTE | |
r-devel-linux-x86_64-debian-gcc | 0.0.3 | 2.08 | 28.75 | 30.83 | NOTE | |
r-devel-linux-x86_64-fedora-clang | 0.0.3 | 50.06 | NOTE | |||
r-devel-linux-x86_64-fedora-gcc | 0.0.3 | 37.24 | NOTE | |||
r-patched-linux-x86_64 | 0.0.3 | 3.65 | 36.20 | 39.85 | NOTE | |
r-release-linux-x86_64 | 0.0.3 | 3.01 | 35.13 | 38.14 | NOTE | |
r-release-macos-arm64 | 0.0.3 | NOTE | ||||
r-release-macos-x86_64 | 0.0.3 | NOTE | ||||
r-release-windows-x86_64 | 0.0.3 | 20.00 | 57.00 | 77.00 | NOTE | |
r-oldrel-macos-arm64 | 0.0.3 | NOTE | ||||
r-oldrel-macos-x86_64 | 0.0.3 | NOTE | ||||
r-oldrel-windows-ix86+x86_64 | 0.0.3 | 7.00 | 44.00 | 51.00 | NOTE |
Version: 0.0.3
Check: LazyData
Result: NOTE
'LazyData' is specified without a 'data' directory
Flavors: r-devel-linux-x86_64-debian-clang, r-devel-linux-x86_64-debian-gcc, r-devel-linux-x86_64-fedora-clang, r-devel-linux-x86_64-fedora-gcc, r-patched-linux-x86_64, r-release-linux-x86_64, r-release-macos-arm64, r-release-macos-x86_64, r-release-windows-x86_64, r-oldrel-macos-arm64, r-oldrel-macos-x86_64, r-oldrel-windows-ix86+x86_64
Version: 0.0.3
Check: Rd cross-references
Result: NOTE
Undeclared packages ‘purrr’, ‘dplyr’ in Rd xrefs
Flavor: r-devel-linux-x86_64-fedora-clang