Last updated on 2022-04-24 03:52:29 CEST.
Flavor | Version | Tinstall | Tcheck | Ttotal | Status | Flags |
---|---|---|---|---|---|---|
r-devel-linux-x86_64-debian-clang | 4.1.7 | 39.19 | 272.99 | 312.18 | OK | |
r-devel-linux-x86_64-debian-gcc | 4.1.7 | 31.51 | 197.63 | 229.14 | OK | |
r-devel-linux-x86_64-fedora-clang | 4.1.7 | 393.93 | NOTE | |||
r-devel-linux-x86_64-fedora-gcc | 4.1.7 | 351.78 | OK | |||
r-patched-linux-x86_64 | 4.1.7 | 46.39 | 261.48 | 307.87 | OK | |
r-release-linux-x86_64 | 4.1.7 | 41.28 | 272.25 | 313.53 | OK | |
r-release-macos-arm64 | 4.1.7 | NOTE | ||||
r-release-macos-x86_64 | 4.1.7 | NOTE | ||||
r-release-windows-x86_64 | 4.1.7 | 110.00 | 320.00 | 430.00 | NOTE | |
r-oldrel-macos-arm64 | 4.1.7 | NOTE | ||||
r-oldrel-macos-x86_64 | 4.1.7 | NOTE | ||||
r-oldrel-windows-ix86+x86_64 | 4.1.7 | 62.00 | 305.00 | 367.00 | NOTE |
Version: 4.1.7
Check: installed package size
Result: NOTE
installed size is 8.3Mb
sub-directories of 1Mb or more:
R 1.3Mb
doc 5.7Mb
Flavors: r-devel-linux-x86_64-fedora-clang, r-release-macos-arm64, r-release-macos-x86_64, r-release-windows-x86_64, r-oldrel-macos-arm64, r-oldrel-macos-x86_64, r-oldrel-windows-ix86+x86_64