Last updated on 2022-04-24 03:52:29 CEST.
Flavor | Version | Tinstall | Tcheck | Ttotal | Status | Flags |
---|---|---|---|---|---|---|
r-devel-linux-x86_64-debian-clang | 0.1.0 | 2.04 | 30.60 | 32.64 | OK | |
r-devel-linux-x86_64-debian-gcc | 0.1.0 | 2.10 | 23.71 | 25.81 | OK | |
r-devel-linux-x86_64-fedora-clang | 0.1.0 | 40.89 | NOTE | |||
r-devel-linux-x86_64-fedora-gcc | 0.1.0 | 29.13 | NOTE | |||
r-patched-linux-x86_64 | 0.1.0 | 2.22 | 29.79 | 32.01 | OK | |
r-release-linux-x86_64 | 0.1.0 | 2.08 | 28.66 | 30.74 | OK | |
r-release-macos-arm64 | 0.1.0 | NOTE | ||||
r-release-macos-x86_64 | 0.1.0 | NOTE | ||||
r-release-windows-x86_64 | 0.1.0 | 24.00 | 44.00 | 68.00 | OK | |
r-oldrel-macos-arm64 | 0.1.0 | NOTE | ||||
r-oldrel-macos-x86_64 | 0.1.0 | NOTE | ||||
r-oldrel-windows-ix86+x86_64 | 0.1.0 | 6.00 | 25.00 | 31.00 | OK |
Version: 0.1.0
Check: data for non-ASCII characters
Result: NOTE
Note: found 3 marked UTF-8 strings
Flavors: r-devel-linux-x86_64-fedora-clang, r-devel-linux-x86_64-fedora-gcc, r-release-macos-arm64, r-release-macos-x86_64, r-oldrel-macos-arm64, r-oldrel-macos-x86_64