Last updated on 2022-04-24 03:52:29 CEST.
| Flavor | Version | Tinstall | Tcheck | Ttotal | Status | Flags | 
|---|---|---|---|---|---|---|
| r-devel-linux-x86_64-debian-clang | 2.1.2 | 76.48 | 151.76 | 228.24 | OK | |
| r-devel-linux-x86_64-debian-gcc | 2.1.2 | 59.03 | 109.81 | 168.84 | OK | |
| r-devel-linux-x86_64-fedora-clang | 2.1.2 | 306.50 | OK | |||
| r-devel-linux-x86_64-fedora-gcc | 2.1.2 | 266.16 | OK | |||
| r-patched-linux-x86_64 | 2.1.2 | 68.41 | 140.90 | 209.31 | OK | |
| r-release-linux-x86_64 | 2.1.2 | 60.25 | 135.60 | 195.85 | OK | |
| r-release-macos-arm64 | 2.1.2 | OK | ||||
| r-release-macos-x86_64 | 2.1.2 | OK | ||||
| r-release-windows-x86_64 | 2.1.2 | 105.00 | 197.00 | 302.00 | NOTE | |
| r-oldrel-macos-arm64 | 2.1.2 | OK | ||||
| r-oldrel-macos-x86_64 | 2.1.2 | OK | ||||
| r-oldrel-windows-ix86+x86_64 | 2.1.2 | 176.00 | 252.00 | 428.00 | NOTE | 
Version: 2.1.2
Check: package dependencies
Result: NOTE
    Package suggested but not available for checking: 'doMC'
Flavors: r-release-windows-x86_64, r-oldrel-windows-ix86+x86_64
Version: 2.1.2
Check: Rd cross-references
Result: NOTE
    Package unavailable to check Rd xrefs: 'doMC'
Flavor: r-oldrel-windows-ix86+x86_64