Last updated on 2022-04-24 03:52:29 CEST.
Flavor | Version | Tinstall | Tcheck | Ttotal | Status | Flags |
---|---|---|---|---|---|---|
r-devel-linux-x86_64-debian-clang | 1.1 | 40.61 | 206.71 | 247.32 | OK | |
r-devel-linux-x86_64-debian-gcc | 1.1 | 35.28 | 150.42 | 185.70 | OK | |
r-devel-linux-x86_64-fedora-clang | 1.1 | 309.42 | NOTE | |||
r-devel-linux-x86_64-fedora-gcc | 1.1 | 292.03 | NOTE | |||
r-patched-linux-x86_64 | 1.1 | 37.05 | 195.15 | 232.20 | OK | |
r-release-linux-x86_64 | 1.1 | 41.61 | 191.92 | 233.53 | OK | |
r-release-macos-arm64 | 1.1 | NOTE | ||||
r-release-macos-x86_64 | 1.1 | NOTE | ||||
r-release-windows-x86_64 | 1.1 | 49.00 | 248.00 | 297.00 | OK | |
r-oldrel-macos-arm64 | 1.1 | NOTE | ||||
r-oldrel-macos-x86_64 | 1.1 | NOTE | ||||
r-oldrel-windows-ix86+x86_64 | 1.1 | 94.00 | 352.00 | 446.00 | OK |
Version: 1.1
Check: installed package size
Result: NOTE
installed size is 11.1Mb
sub-directories of 1Mb or more:
data 1.8Mb
libs 8.8Mb
Flavors: r-devel-linux-x86_64-fedora-clang, r-release-macos-arm64, r-release-macos-x86_64, r-oldrel-macos-arm64, r-oldrel-macos-x86_64
Version: 1.1
Check: dependencies in R code
Result: NOTE
Namespaces in Imports field not imported from:
‘ggplot2’ ‘knitr’ ‘purrr’ ‘rmarkdown’
All declared Imports should be used.
Flavors: r-devel-linux-x86_64-fedora-clang, r-devel-linux-x86_64-fedora-gcc, r-release-macos-arm64, r-release-macos-x86_64, r-oldrel-macos-arm64, r-oldrel-macos-x86_64