Last updated on 2022-04-24 03:52:29 CEST.
Flavor | Version | Tinstall | Tcheck | Ttotal | Status | Flags |
---|---|---|---|---|---|---|
r-devel-linux-x86_64-debian-clang | 0.6-2 | 4.79 | 46.31 | 51.10 | OK | |
r-devel-linux-x86_64-debian-gcc | 0.6-2 | 4.06 | 36.20 | 40.26 | OK | |
r-devel-linux-x86_64-fedora-clang | 0.6-2 | 63.23 | NOTE | |||
r-devel-linux-x86_64-fedora-gcc | 0.6-2 | 49.79 | NOTE | |||
r-patched-linux-x86_64 | 0.6-2 | 5.75 | 43.99 | 49.74 | OK | |
r-release-linux-x86_64 | 0.6-2 | 4.06 | 44.03 | 48.09 | OK | |
r-release-macos-arm64 | 0.6-2 | OK | ||||
r-release-macos-x86_64 | 0.6-2 | OK | ||||
r-release-windows-x86_64 | 0.6-2 | 16.00 | 66.00 | 82.00 | OK | |
r-oldrel-macos-arm64 | 0.6-2 | OK | ||||
r-oldrel-macos-x86_64 | 0.6-2 | OK | ||||
r-oldrel-windows-ix86+x86_64 | 0.6-2 | 10.00 | 64.00 | 74.00 | OK |
Version: 0.6-2
Check: compiled code
Result: NOTE
File ‘lgarch/libs/lgarch.so’:
Found no calls to: ‘R_registerRoutines’, ‘R_useDynamicSymbols’
It is good practice to register native routines and to disable symbol
search.
See ‘Writing portable packages’ in the ‘Writing R Extensions’ manual.
Flavors: r-devel-linux-x86_64-fedora-clang, r-devel-linux-x86_64-fedora-gcc