Last updated on 2022-04-24 03:52:29 CEST.
Flavor | Version | Tinstall | Tcheck | Ttotal | Status | Flags |
---|---|---|---|---|---|---|
r-devel-linux-x86_64-debian-clang | 1.7 | 76.52 | 656.98 | 733.50 | OK | |
r-devel-linux-x86_64-debian-gcc | 1.7 | 54.56 | 473.11 | 527.67 | OK | |
r-devel-linux-x86_64-fedora-clang | 1.7 | 936.05 | NOTE | |||
r-devel-linux-x86_64-fedora-gcc | 1.7 | 873.76 | NOTE | |||
r-patched-linux-x86_64 | 1.7 | 74.84 | 632.74 | 707.58 | OK | |
r-release-linux-x86_64 | 1.7 | 63.67 | 571.09 | 634.76 | OK | |
r-release-macos-arm64 | 1.7 | NOTE | ||||
r-release-macos-x86_64 | 1.7 | NOTE | ||||
r-release-windows-x86_64 | 1.7 | 163.00 | 632.00 | 795.00 | OK | |
r-oldrel-macos-arm64 | 1.7 | NOTE | ||||
r-oldrel-macos-x86_64 | 1.7 | NOTE | ||||
r-oldrel-windows-ix86+x86_64 | 1.7 | 124.00 | 628.00 | 752.00 | OK |
Version: 1.7
Check: dependencies in R code
Result: NOTE
Namespace in Imports field not imported from: ‘spatstat’
All declared Imports should be used.
Flavors: r-devel-linux-x86_64-fedora-clang, r-devel-linux-x86_64-fedora-gcc, r-release-macos-arm64, r-release-macos-x86_64, r-oldrel-macos-arm64, r-oldrel-macos-x86_64