Last updated on 2022-04-24 03:52:29 CEST.
Flavor | Version | Tinstall | Tcheck | Ttotal | Status | Flags |
---|---|---|---|---|---|---|
r-devel-linux-x86_64-debian-clang | 1.1.5 | 484.63 | 233.81 | 718.44 | NOTE | |
r-devel-linux-x86_64-debian-gcc | 1.1.5 | 422.13 | 193.09 | 615.22 | NOTE | |
r-devel-linux-x86_64-fedora-clang | 1.1.5 | 991.31 | NOTE | |||
r-devel-linux-x86_64-fedora-gcc | 1.1.5 | 983.13 | NOTE | |||
r-patched-linux-x86_64 | 1.1.5 | 376.42 | 252.06 | 628.48 | NOTE | |
r-release-linux-x86_64 | 1.1.5 | 314.90 | 241.40 | 556.30 | NOTE | |
r-release-macos-arm64 | 1.1.5 | NOTE | ||||
r-release-macos-x86_64 | 1.1.5 | NOTE | ||||
r-release-windows-x86_64 | 1.1.5 | 346.00 | 302.00 | 648.00 | NOTE | |
r-oldrel-macos-arm64 | 1.1.5 | NOTE | ||||
r-oldrel-macos-x86_64 | 1.1.5 | NOTE | ||||
r-oldrel-windows-ix86+x86_64 | 1.1.5 | 973.00 | 468.00 | 1441.00 | NOTE |
Version: 1.1.5
Check: for GNU extensions in Makefiles
Result: NOTE
GNU make is a SystemRequirements.
Flavors: r-devel-linux-x86_64-debian-clang, r-devel-linux-x86_64-debian-gcc, r-devel-linux-x86_64-fedora-clang, r-devel-linux-x86_64-fedora-gcc, r-patched-linux-x86_64, r-release-linux-x86_64, r-release-macos-arm64, r-release-macos-x86_64, r-release-windows-x86_64, r-oldrel-macos-arm64, r-oldrel-macos-x86_64, r-oldrel-windows-ix86+x86_64
Version: 1.1.5
Check: installed package size
Result: NOTE
installed size is 55.5Mb
sub-directories of 1Mb or more:
libs 54.2Mb
Flavors: r-devel-linux-x86_64-fedora-clang, r-release-macos-arm64, r-release-macos-x86_64, r-release-windows-x86_64, r-oldrel-macos-arm64, r-oldrel-macos-x86_64, r-oldrel-windows-ix86+x86_64