Last updated on 2022-04-24 03:52:29 CEST.
Flavor | Version | Tinstall | Tcheck | Ttotal | Status | Flags |
---|---|---|---|---|---|---|
r-devel-linux-x86_64-debian-clang | 0.0.5 | 13.82 | 59.64 | 73.46 | NOTE | |
r-devel-linux-x86_64-debian-gcc | 0.0.5 | 12.34 | 45.60 | 57.94 | NOTE | |
r-devel-linux-x86_64-fedora-clang | 0.0.5 | 91.73 | NOTE | |||
r-devel-linux-x86_64-fedora-gcc | 0.0.5 | 75.96 | NOTE | |||
r-patched-linux-x86_64 | 0.0.5 | 17.03 | 56.04 | 73.07 | NOTE | |
r-release-linux-x86_64 | 0.0.5 | 13.71 | 55.08 | 68.79 | NOTE | |
r-release-macos-arm64 | 0.0.5 | NOTE | ||||
r-release-macos-x86_64 | 0.0.5 | NOTE | ||||
r-release-windows-x86_64 | 0.0.5 | 46.00 | 99.00 | 145.00 | NOTE | |
r-oldrel-macos-arm64 | 0.0.5 | NOTE | ||||
r-oldrel-macos-x86_64 | 0.0.5 | NOTE | ||||
r-oldrel-windows-ix86+x86_64 | 0.0.5 | 22.00 | 72.00 | 94.00 | NOTE |
Version: 0.0.5
Check: LazyData
Result: NOTE
'LazyData' is specified without a 'data' directory
Flavors: r-devel-linux-x86_64-debian-clang, r-devel-linux-x86_64-debian-gcc, r-devel-linux-x86_64-fedora-clang, r-devel-linux-x86_64-fedora-gcc, r-patched-linux-x86_64, r-release-linux-x86_64, r-release-macos-arm64, r-release-macos-x86_64, r-release-windows-x86_64, r-oldrel-macos-arm64, r-oldrel-macos-x86_64, r-oldrel-windows-ix86+x86_64
Version: 0.0.5
Check: Rd cross-references
Result: NOTE
Undeclared package ‘R6’ in Rd xrefs
Flavor: r-devel-linux-x86_64-fedora-clang
Version: 0.0.5
Check: package dependencies
Result: NOTE
Package suggested but not available for checking: 'rsyslog'
Flavors: r-release-windows-x86_64, r-oldrel-windows-ix86+x86_64
Version: 0.0.5
Check: Rd cross-references
Result: NOTE
Package unavailable to check Rd xrefs: 'rsyslog'
Flavor: r-oldrel-windows-ix86+x86_64