Last updated on 2022-04-24 03:52:29 CEST.
Flavor | Version | Tinstall | Tcheck | Ttotal | Status | Flags |
---|---|---|---|---|---|---|
r-devel-linux-x86_64-debian-clang | 3.10.0-1 | 664.37 | 35.33 | 699.70 | OK | |
r-devel-linux-x86_64-debian-gcc | 3.10.0-1 | 528.01 | 26.91 | 554.92 | OK | |
r-devel-linux-x86_64-fedora-clang | 3.10.0-1 | 1240.86 | NOTE | |||
r-devel-linux-x86_64-fedora-gcc | 3.10.0-1 | 900.35 | OK | |||
r-patched-linux-x86_64 | 3.10.0-1 | 554.43 | 33.58 | 588.01 | OK | |
r-release-linux-x86_64 | 3.10.0-1 | 562.12 | 32.25 | 594.37 | OK | |
r-release-macos-arm64 | 3.10.0-1 | NOTE | ||||
r-release-macos-x86_64 | 3.10.0-1 | NOTE | ||||
r-release-windows-x86_64 | 3.10.0-1 | 1336.00 | 116.00 | 1452.00 | OK | |
r-oldrel-macos-arm64 | 3.10.0-1 | NOTE | ||||
r-oldrel-macos-x86_64 | 3.10.0-1 | NOTE | ||||
r-oldrel-windows-ix86+x86_64 | 3.10.0-1 | 1492.00 | 89.00 | 1581.00 | NOTE |
Version: 3.10.0-1
Check: installed package size
Result: NOTE
installed size is 31.2Mb
sub-directories of 1Mb or more:
libs 31.0Mb
Flavors: r-devel-linux-x86_64-fedora-clang, r-release-macos-arm64, r-release-macos-x86_64, r-oldrel-macos-arm64, r-oldrel-macos-x86_64, r-oldrel-windows-ix86+x86_64