Last updated on 2022-04-24 03:52:29 CEST.
Flavor | Version | Tinstall | Tcheck | Ttotal | Status | Flags |
---|---|---|---|---|---|---|
r-devel-linux-x86_64-debian-clang | 0.7.3 | 28.04 | 61.94 | 89.98 | OK | |
r-devel-linux-x86_64-debian-gcc | 0.7.3 | 25.96 | 46.57 | 72.53 | OK | |
r-devel-linux-x86_64-fedora-clang | 0.7.3 | 113.42 | OK | |||
r-devel-linux-x86_64-fedora-gcc | 0.7.3 | 102.22 | OK | |||
r-patched-linux-x86_64 | 0.7.3 | 26.52 | 58.60 | 85.12 | OK | |
r-release-linux-x86_64 | 0.7.3 | 25.00 | 58.75 | 83.75 | OK | |
r-release-macos-arm64 | 0.7.3 | NOTE | ||||
r-release-macos-x86_64 | 0.7.3 | OK | ||||
r-release-windows-x86_64 | 0.7.3 | 204.00 | 111.00 | 315.00 | OK | |
r-oldrel-macos-arm64 | 0.7.3 | NOTE | ||||
r-oldrel-macos-x86_64 | 0.7.3 | OK | ||||
r-oldrel-windows-ix86+x86_64 | 0.7.3 | 111.00 | 89.00 | 200.00 | NOTE |
Version: 0.7.3
Check: installed package size
Result: NOTE
installed size is 8.2Mb
sub-directories of 1Mb or more:
libs 7.1Mb
Flavors: r-release-macos-arm64, r-oldrel-macos-arm64, r-oldrel-windows-ix86+x86_64