Last updated on 2022-04-24 03:52:29 CEST.
Flavor | Version | Tinstall | Tcheck | Ttotal | Status | Flags |
---|---|---|---|---|---|---|
r-devel-linux-x86_64-debian-clang | 4.0.0 | 164.98 | 561.81 | 726.79 | OK | |
r-devel-linux-x86_64-debian-gcc | 4.0.0 | 125.48 | 409.60 | 535.08 | OK | |
r-devel-linux-x86_64-fedora-clang | 4.0.0 | 938.50 | NOTE | |||
r-devel-linux-x86_64-fedora-gcc | 4.0.0 | 914.20 | OK | |||
r-patched-linux-x86_64 | 4.0.0 | 142.56 | 521.28 | 663.84 | OK | |
r-release-linux-x86_64 | 4.0.0 | 143.51 | 526.93 | 670.44 | OK | |
r-release-macos-arm64 | 4.0.0 | NOTE | ||||
r-release-macos-x86_64 | 4.0.0 | NOTE | ||||
r-release-windows-x86_64 | 4.0.0 | 209.00 | 635.00 | 844.00 | NOTE | |
r-oldrel-macos-arm64 | 4.0.0 | NOTE | ||||
r-oldrel-macos-x86_64 | 4.0.0 | NOTE | ||||
r-oldrel-windows-ix86+x86_64 | 4.0.0 | 323.00 | 987.00 | 1310.00 | NOTE |
Version: 4.0.0
Check: installed package size
Result: NOTE
installed size is 10.9Mb
sub-directories of 1Mb or more:
R 1.1Mb
doc 1.0Mb
extdata 1.2Mb
libs 7.0Mb
Flavors: r-devel-linux-x86_64-fedora-clang, r-release-macos-arm64, r-release-macos-x86_64, r-release-windows-x86_64, r-oldrel-macos-arm64, r-oldrel-macos-x86_64, r-oldrel-windows-ix86+x86_64