Last updated on 2022-04-24 03:52:29 CEST.
Flavor | Version | Tinstall | Tcheck | Ttotal | Status | Flags |
---|---|---|---|---|---|---|
r-devel-linux-x86_64-debian-clang | 1.3.8 | 32.74 | 333.63 | 366.37 | OK | |
r-devel-linux-x86_64-debian-gcc | 1.3.8 | 25.87 | 245.40 | 271.27 | OK | |
r-devel-linux-x86_64-fedora-clang | 1.3.8 | 397.67 | OK | --no-vignettes | ||
r-devel-linux-x86_64-fedora-gcc | 1.3.8 | 380.21 | OK | --no-vignettes | ||
r-patched-linux-x86_64 | 1.3.8 | 30.96 | 328.26 | 359.22 | OK | |
r-release-linux-x86_64 | 1.3.8 | 28.27 | 327.75 | 356.02 | OK | |
r-release-macos-arm64 | 1.3.8 | OK | ||||
r-release-macos-x86_64 | 1.3.8 | WARN | --as-cran | |||
r-release-windows-x86_64 | 1.3.8 | 292.00 | 476.00 | 768.00 | OK | |
r-oldrel-macos-arm64 | 1.3.8 | OK | ||||
r-oldrel-macos-x86_64 | 1.3.8 | WARN | --as-cran | |||
r-oldrel-windows-ix86+x86_64 | 1.3.8 | 70.00 | 643.00 | 713.00 | OK |
Version: 1.3.8
Flags: --as-cran
Check: CRAN incoming feasibility
Result: WARN
Maintainer: ‘Giorgio Alfredo Spedicato <spedicato_giorgio@yahoo.it>’
Insufficient package version (submitted: 1.3.8, existing: 1.3.8)
Days since last update: 1
Flavors: r-release-macos-x86_64, r-oldrel-macos-x86_64
Version: 1.3.8
Flags: --as-cran
Check: top-level files
Result: NOTE
Files ‘README.md’ or ‘NEWS.md’ cannot be checked without ‘pandoc’ being installed.
Flavors: r-release-macos-x86_64, r-oldrel-macos-x86_64
Version: 1.3.8
Flags: --as-cran
Check: sizes of PDF files under ‘inst/doc’
Result: NOTE
Unable to find GhostScript executable to run checks on size reduction
Flavors: r-release-macos-x86_64, r-oldrel-macos-x86_64