Last updated on 2022-04-24 03:52:29 CEST.
Flavor | Version | Tinstall | Tcheck | Ttotal | Status | Flags |
---|---|---|---|---|---|---|
r-devel-linux-x86_64-debian-clang | 3.3.2 | 379.90 | 184.21 | 564.11 | OK | |
r-devel-linux-x86_64-debian-gcc | 3.3.2 | 323.44 | 272.46 | 595.90 | OK | |
r-devel-linux-x86_64-fedora-clang | 3.3.2 | 1144.89 | NOTE | |||
r-devel-linux-x86_64-fedora-gcc | 3.3.2 | 703.93 | OK | |||
r-patched-linux-x86_64 | 3.3.2 | 337.35 | 173.84 | 511.19 | OK | |
r-release-linux-x86_64 | 3.3.2 | 327.56 | 191.41 | 518.97 | OK | |
r-release-macos-arm64 | 3.3.2 | NOTE | ||||
r-release-macos-x86_64 | 3.3.2 | NOTE | ||||
r-release-windows-x86_64 | 3.3.2 | 453.00 | 204.00 | 657.00 | OK | |
r-oldrel-macos-arm64 | 3.3.2 | NOTE | ||||
r-oldrel-macos-x86_64 | 3.3.2 | NOTE | ||||
r-oldrel-windows-ix86+x86_64 | 3.3.2 | 758.00 | 235.00 | 993.00 | NOTE |
Version: 3.3.2
Check: installed package size
Result: NOTE
installed size is 35.8Mb
sub-directories of 1Mb or more:
libs 35.2Mb
Flavors: r-devel-linux-x86_64-fedora-clang, r-release-macos-arm64, r-release-macos-x86_64, r-oldrel-macos-arm64, r-oldrel-macos-x86_64, r-oldrel-windows-ix86+x86_64