Last updated on 2022-04-24 03:52:29 CEST.
Flavor | Version | Tinstall | Tcheck | Ttotal | Status | Flags |
---|---|---|---|---|---|---|
r-devel-linux-x86_64-debian-clang | 1.6.2 | 3.76 | 90.30 | 94.06 | OK | |
r-devel-linux-x86_64-debian-gcc | 1.6.2 | 3.94 | 67.93 | 71.87 | OK | |
r-devel-linux-x86_64-fedora-clang | 1.6.2 | 119.36 | NOTE | |||
r-devel-linux-x86_64-fedora-gcc | 1.6.2 | 108.37 | OK | |||
r-patched-linux-x86_64 | 1.6.2 | 5.10 | 86.34 | 91.44 | OK | |
r-release-linux-x86_64 | 1.6.2 | 3.74 | 90.67 | 94.41 | OK | |
r-release-macos-arm64 | 1.6.2 | OK | ||||
r-release-macos-x86_64 | 1.6.2 | OK | ||||
r-release-windows-x86_64 | 1.6.2 | 43.00 | 129.00 | 172.00 | OK | |
r-oldrel-macos-arm64 | 1.6.2 | OK | ||||
r-oldrel-macos-x86_64 | 1.6.2 | OK | ||||
r-oldrel-windows-ix86+x86_64 | 1.6.2 | 9.00 | 111.00 | 120.00 | OK |
Version: 1.6.2
Check: Rd cross-references
Result: NOTE
Undeclared package ‘future’ in Rd xrefs
Flavor: r-devel-linux-x86_64-fedora-clang