Last updated on 2022-04-24 03:52:29 CEST.
Flavor | Version | Tinstall | Tcheck | Ttotal | Status | Flags |
---|---|---|---|---|---|---|
r-devel-linux-x86_64-debian-clang | 1.3.5 | 8.65 | 90.15 | 98.80 | OK | |
r-devel-linux-x86_64-debian-gcc | 1.3.5 | 5.93 | 67.52 | 73.45 | OK | |
r-devel-linux-x86_64-fedora-clang | 1.3.5 | 119.30 | NOTE | |||
r-devel-linux-x86_64-fedora-gcc | 1.3.5 | 102.72 | NOTE | |||
r-patched-linux-x86_64 | 1.3.5 | 12.42 | 85.15 | 97.57 | OK | |
r-release-linux-x86_64 | 1.3.5 | 8.46 | 79.38 | 87.84 | OK | |
r-release-macos-arm64 | 1.3.5 | NOTE | ||||
r-release-macos-x86_64 | 1.3.5 | NOTE | ||||
r-release-windows-x86_64 | 1.3.5 | 24.00 | 109.00 | 133.00 | OK | |
r-oldrel-macos-arm64 | 1.3.5 | NOTE | ||||
r-oldrel-macos-x86_64 | 1.3.5 | NOTE | ||||
r-oldrel-windows-ix86+x86_64 | 1.3.5 | 20.00 | 96.00 | 116.00 | OK |
Version: 1.3.5
Check: data for non-ASCII characters
Result: NOTE
Note: found 7 marked UTF-8 strings
Flavors: r-devel-linux-x86_64-fedora-clang, r-devel-linux-x86_64-fedora-gcc, r-release-macos-arm64, r-release-macos-x86_64, r-oldrel-macos-arm64, r-oldrel-macos-x86_64