Last updated on 2022-04-24 03:52:29 CEST.
Flavor | Version | Tinstall | Tcheck | Ttotal | Status | Flags |
---|---|---|---|---|---|---|
r-devel-linux-x86_64-debian-clang | 2.1.0 | 63.16 | 432.21 | 495.37 | OK | |
r-devel-linux-x86_64-debian-gcc | 2.1.0 | 50.69 | 321.54 | 372.23 | OK | |
r-devel-linux-x86_64-fedora-clang | 2.1.0 | 609.72 | NOTE | |||
r-devel-linux-x86_64-fedora-gcc | 2.1.0 | 611.25 | OK | |||
r-patched-linux-x86_64 | 2.1.0 | 57.47 | 403.13 | 460.60 | OK | |
r-release-linux-x86_64 | 2.1.0 | 52.01 | 377.41 | 429.42 | OK | |
r-release-macos-arm64 | 2.1.0 | OK | ||||
r-release-macos-x86_64 | 2.1.0 | OK | ||||
r-release-windows-x86_64 | 2.1.0 | 57.00 | 407.00 | 464.00 | OK | |
r-oldrel-macos-arm64 | 2.1.0 | OK | ||||
r-oldrel-macos-x86_64 | 2.1.0 | OK | ||||
r-oldrel-windows-ix86+x86_64 | 2.1.0 | 112.00 | 395.00 | 507.00 | OK |
Version: 2.1.0
Check: package dependencies
Result: NOTE
Imports includes 26 non-default packages.
Importing from so many packages makes the package vulnerable to any of
them becoming unavailable. Move as many as possible to Suggests and
use conditionally.
Flavor: r-devel-linux-x86_64-fedora-clang