Last updated on 2022-04-24 03:52:29 CEST.
Flavor | Version | Tinstall | Tcheck | Ttotal | Status | Flags |
---|---|---|---|---|---|---|
r-devel-linux-x86_64-debian-clang | 0.2.9 | 6.43 | 97.92 | 104.35 | OK | |
r-devel-linux-x86_64-debian-gcc | 0.2.9 | 4.71 | 75.56 | 80.27 | OK | |
r-devel-linux-x86_64-fedora-clang | 0.2.9 | 125.64 | NOTE | |||
r-devel-linux-x86_64-fedora-gcc | 0.2.9 | 109.56 | NOTE | |||
r-patched-linux-x86_64 | 0.2.9 | 5.79 | 90.03 | 95.82 | OK | |
r-release-linux-x86_64 | 0.2.9 | 5.30 | 86.94 | 92.24 | OK | |
r-release-macos-arm64 | 0.2.9 | NOTE | ||||
r-release-macos-x86_64 | 0.2.9 | NOTE | ||||
r-release-windows-x86_64 | 0.2.9 | 23.00 | 124.00 | 147.00 | OK | |
r-oldrel-macos-arm64 | 0.2.9 | NOTE | ||||
r-oldrel-macos-x86_64 | 0.2.9 | NOTE | ||||
r-oldrel-windows-ix86+x86_64 | 0.2.9 | 11.00 | 113.00 | 124.00 | OK |
Version: 0.2.9
Check: dependencies in R code
Result: NOTE
Namespace in Imports field not imported from: ‘ddpcr’
All declared Imports should be used.
Flavors: r-devel-linux-x86_64-fedora-clang, r-devel-linux-x86_64-fedora-gcc, r-release-macos-arm64, r-release-macos-x86_64, r-oldrel-macos-arm64, r-oldrel-macos-x86_64