Last updated on 2022-04-24 03:52:29 CEST.
Flavor | Version | Tinstall | Tcheck | Ttotal | Status | Flags |
---|---|---|---|---|---|---|
r-devel-linux-x86_64-debian-clang | 0.1.2 | 5.37 | 103.32 | 108.69 | OK | |
r-devel-linux-x86_64-debian-gcc | 0.1.2 | 5.08 | 79.37 | 84.45 | OK | |
r-devel-linux-x86_64-fedora-clang | 0.1.2 | 128.09 | NOTE | |||
r-devel-linux-x86_64-fedora-gcc | 0.1.2 | 119.42 | OK | |||
r-patched-linux-x86_64 | 0.1.2 | 11.85 | 98.90 | 110.75 | OK | |
r-release-linux-x86_64 | 0.1.2 | 6.41 | 100.36 | 106.77 | OK | |
r-release-macos-arm64 | 0.1.2 | OK | ||||
r-release-macos-x86_64 | 0.1.2 | OK | ||||
r-release-windows-x86_64 | 0.1.2 | 20.00 | 133.00 | 153.00 | OK | |
r-oldrel-macos-arm64 | 0.1.2 | OK | ||||
r-oldrel-macos-x86_64 | 0.1.2 | OK | ||||
r-oldrel-windows-ix86+x86_64 | 0.1.2 | 14.00 | 120.00 | 134.00 | OK |
Version: 0.1.2
Check: Rd cross-references
Result: NOTE
Undeclared package ‘tidyselect’ in Rd xrefs
Flavor: r-devel-linux-x86_64-fedora-clang