Last updated on 2022-04-24 03:52:29 CEST.
Flavor | Version | Tinstall | Tcheck | Ttotal | Status | Flags |
---|---|---|---|---|---|---|
r-devel-linux-x86_64-debian-clang | 0.1.3 | 5.19 | 46.96 | 52.15 | ERROR | |
r-devel-linux-x86_64-debian-gcc | 0.1.3 | 4.78 | 35.47 | 40.25 | OK | |
r-devel-linux-x86_64-fedora-clang | 0.1.3 | 65.87 | OK | |||
r-devel-linux-x86_64-fedora-gcc | 0.1.3 | 51.78 | OK | |||
r-patched-linux-x86_64 | 0.1.3 | 6.74 | 45.26 | 52.00 | OK | |
r-release-linux-x86_64 | 0.1.3 | 5.22 | 44.15 | 49.37 | OK | |
r-release-macos-arm64 | 0.1.3 | OK | ||||
r-release-macos-x86_64 | 0.1.3 | OK | ||||
r-release-windows-x86_64 | 0.1.3 | 48.00 | 66.00 | 114.00 | OK | |
r-oldrel-macos-arm64 | 0.1.3 | OK | ||||
r-oldrel-macos-x86_64 | 0.1.3 | OK | ||||
r-oldrel-windows-ix86+x86_64 | 0.1.3 | 9.00 | 56.00 | 65.00 | OK |
Version: 0.1.3
Check: tests
Result: ERROR
Running 'testthat.R' [4s/7s]
Running the tests in 'tests/testthat.R' failed.
Complete output:
> library(testthat)
> library(limonaid)
>
> test_check("limonaid")
/tmp/RtmpMlYNsk/file155f467f198a4b.txt/tmp/RtmpMlYNsk/file155f464922319e.txt/tmp/RtmpMlYNsk/file155f462c009d24.txt/tmp/RtmpMlYNsk/testing-checkbox-autofix-export155f465bf1c97b.txt[ FAIL 1 | WARN 2 | SKIP 0 | PASS 14 ]
== Failed tests ================================================================
-- Failure (test-ls_read_tsv.R:66:3): a more extensive LimeSurvey TSV file can be imported --
nrow(lsrv) not equal to 312.
1/1 mismatches
[1] 163 - 312 == -149
[ FAIL 1 | WARN 2 | SKIP 0 | PASS 14 ]
Error: Test failures
Execution halted
Flavor: r-devel-linux-x86_64-debian-clang