Last updated on 2022-04-24 03:52:29 CEST.
Flavor | Version | Tinstall | Tcheck | Ttotal | Status | Flags |
---|---|---|---|---|---|---|
r-devel-linux-x86_64-debian-clang | 1.3.0 | 6.43 | 94.24 | 100.67 | NOTE | |
r-devel-linux-x86_64-debian-gcc | 1.3.0 | 5.62 | 71.22 | 76.84 | NOTE | |
r-devel-linux-x86_64-fedora-clang | 1.3.0 | 122.70 | NOTE | |||
r-devel-linux-x86_64-fedora-gcc | 1.3.0 | 107.49 | NOTE | |||
r-patched-linux-x86_64 | 1.3.0 | 7.73 | 90.32 | 98.05 | NOTE | |
r-release-linux-x86_64 | 1.3.0 | 6.64 | 82.74 | 89.38 | NOTE | |
r-release-macos-arm64 | 1.3.0 | NOTE | ||||
r-release-macos-x86_64 | 1.3.0 | NOTE | ||||
r-release-windows-x86_64 | 1.3.0 | 42.00 | 119.00 | 161.00 | NOTE | |
r-oldrel-macos-arm64 | 1.3.0 | NOTE | ||||
r-oldrel-macos-x86_64 | 1.3.0 | NOTE | ||||
r-oldrel-windows-ix86+x86_64 | 1.3.0 | 16.00 | 104.00 | 120.00 | NOTE |
Version: 1.3.0
Check: LazyData
Result: NOTE
'LazyData' is specified without a 'data' directory
Flavors: r-devel-linux-x86_64-debian-clang, r-devel-linux-x86_64-debian-gcc, r-devel-linux-x86_64-fedora-clang, r-devel-linux-x86_64-fedora-gcc, r-patched-linux-x86_64, r-release-linux-x86_64, r-release-macos-arm64, r-release-macos-x86_64, r-release-windows-x86_64, r-oldrel-macos-arm64, r-oldrel-macos-x86_64, r-oldrel-windows-ix86+x86_64