Last updated on 2022-04-24 03:52:29 CEST.
Flavor | Version | Tinstall | Tcheck | Ttotal | Status | Flags |
---|---|---|---|---|---|---|
r-devel-linux-x86_64-debian-clang | 1.1.8 | 10.02 | 111.40 | 121.42 | OK | |
r-devel-linux-x86_64-debian-gcc | 1.1.8 | 8.14 | 84.25 | 92.39 | OK | |
r-devel-linux-x86_64-fedora-clang | 1.1.8 | 145.48 | NOTE | |||
r-devel-linux-x86_64-fedora-gcc | 1.1.8 | 128.56 | NOTE | |||
r-patched-linux-x86_64 | 1.1.8 | 13.74 | 105.51 | 119.25 | OK | |
r-release-linux-x86_64 | 1.1.8 | 9.23 | 104.79 | 114.02 | OK | |
r-release-macos-arm64 | 1.1.8 | NOTE | ||||
r-release-macos-x86_64 | 1.1.8 | NOTE | ||||
r-release-windows-x86_64 | 1.1.8 | 114.00 | 178.00 | 292.00 | OK | |
r-oldrel-macos-arm64 | 1.1.8 | NOTE | ||||
r-oldrel-macos-x86_64 | 1.1.8 | NOTE | ||||
r-oldrel-windows-ix86+x86_64 | 1.1.8 | 18.00 | 154.00 | 172.00 | OK |
Version: 1.1.8
Check: Rd cross-references
Result: NOTE
Undeclared package ‘magrittr’ in Rd xrefs
Flavor: r-devel-linux-x86_64-fedora-clang
Version: 1.1.8
Check: data for non-ASCII characters
Result: NOTE
Note: found 60522 marked UTF-8 strings
Flavors: r-devel-linux-x86_64-fedora-clang, r-devel-linux-x86_64-fedora-gcc, r-release-macos-arm64, r-release-macos-x86_64, r-oldrel-macos-arm64, r-oldrel-macos-x86_64