Last updated on 2022-04-24 03:52:29 CEST.
Flavor | Version | Tinstall | Tcheck | Ttotal | Status | Flags |
---|---|---|---|---|---|---|
r-devel-linux-x86_64-debian-clang | 0.1 | 3.71 | 65.41 | 69.12 | NOTE | |
r-devel-linux-x86_64-debian-gcc | 0.1 | 2.48 | 44.29 | 46.77 | NOTE | |
r-devel-linux-x86_64-fedora-clang | 0.1 | 79.09 | NOTE | |||
r-devel-linux-x86_64-fedora-gcc | 0.1 | 68.34 | NOTE | |||
r-patched-linux-x86_64 | 0.1 | 2.37 | 60.86 | 63.23 | NOTE | |
r-release-linux-x86_64 | 0.1 | 2.12 | 59.62 | 61.74 | NOTE | |
r-release-macos-arm64 | 0.1 | NOTE | ||||
r-release-macos-x86_64 | 0.1 | NOTE | ||||
r-release-windows-x86_64 | 0.1 | 13.00 | 67.00 | 80.00 | NOTE | |
r-oldrel-macos-arm64 | 0.1 | NOTE | ||||
r-oldrel-macos-x86_64 | 0.1 | NOTE | ||||
r-oldrel-windows-ix86+x86_64 | 0.1 | 6.00 | 50.00 | 56.00 | NOTE |
Version: 0.1
Check: DESCRIPTION meta-information
Result: NOTE
Malformed Description field: should contain one or more complete sentences.
Flavors: r-devel-linux-x86_64-debian-clang, r-devel-linux-x86_64-debian-gcc, r-devel-linux-x86_64-fedora-clang, r-devel-linux-x86_64-fedora-gcc, r-patched-linux-x86_64, r-release-linux-x86_64, r-release-macos-arm64, r-release-macos-x86_64, r-release-windows-x86_64, r-oldrel-macos-arm64, r-oldrel-macos-x86_64, r-oldrel-windows-ix86+x86_64
Version: 0.1
Check: R code for possible problems
Result: NOTE
gcomb: no visible global function definition for 'complete.cases'
linkim: no visible global function definition for 'runif'
missing.dist: no visible global function definition for
'complete.cases'
pgdata1: no visible global function definition for 'barplot'
pgdata1: no visible global function definition for 'layout'
pgdata1: no visible global function definition for 'par'
pgdata1: no visible global function definition for 'rainbow'
singim: no visible global function definition for 'complete.cases'
singim: no visible global function definition for 'runif'
Undefined global functions or variables:
barplot complete.cases layout par rainbow runif
Consider adding
importFrom("grDevices", "rainbow")
importFrom("graphics", "barplot", "layout", "par")
importFrom("stats", "complete.cases", "runif")
to your NAMESPACE file.
Flavors: r-devel-linux-x86_64-debian-clang, r-devel-linux-x86_64-debian-gcc, r-devel-linux-x86_64-fedora-clang, r-devel-linux-x86_64-fedora-gcc, r-patched-linux-x86_64, r-release-linux-x86_64, r-release-macos-arm64, r-release-macos-x86_64, r-release-windows-x86_64, r-oldrel-macos-arm64, r-oldrel-macos-x86_64, r-oldrel-windows-ix86+x86_64