Last updated on 2022-04-24 03:52:29 CEST.
Flavor | Version | Tinstall | Tcheck | Ttotal | Status | Flags |
---|---|---|---|---|---|---|
r-devel-linux-x86_64-debian-clang | 1.3.0 | 10.22 | 119.83 | 130.05 | NOTE | |
r-devel-linux-x86_64-debian-gcc | 1.3.0 | 7.33 | 88.17 | 95.50 | NOTE | |
r-devel-linux-x86_64-fedora-clang | 1.3.0 | 163.51 | NOTE | |||
r-devel-linux-x86_64-fedora-gcc | 1.3.0 | 150.75 | NOTE | |||
r-patched-linux-x86_64 | 1.3.0 | 9.49 | 109.94 | 119.43 | NOTE | |
r-release-linux-x86_64 | 1.3.0 | 9.35 | 105.75 | 115.10 | NOTE | |
r-release-macos-arm64 | 1.3.0 | NOTE | ||||
r-release-macos-x86_64 | 1.3.0 | WARN | ||||
r-release-windows-x86_64 | 1.3.0 | 29.00 | 144.00 | 173.00 | NOTE | |
r-oldrel-macos-arm64 | 1.3.0 | NOTE | ||||
r-oldrel-macos-x86_64 | 1.3.0 | WARN | ||||
r-oldrel-windows-ix86+x86_64 | 1.3.0 | 23.00 | 126.00 | 149.00 | NOTE |
Version: 1.3.0
Check: LazyData
Result: NOTE
'LazyData' is specified without a 'data' directory
Flavors: r-devel-linux-x86_64-debian-clang, r-devel-linux-x86_64-debian-gcc, r-devel-linux-x86_64-fedora-clang, r-devel-linux-x86_64-fedora-gcc, r-patched-linux-x86_64, r-release-linux-x86_64, r-release-macos-arm64, r-release-macos-x86_64, r-release-windows-x86_64, r-oldrel-macos-arm64, r-oldrel-macos-x86_64, r-oldrel-windows-ix86+x86_64
Version: 1.3.0
Check: re-building of vignette outputs
Result: WARN
Error(s) in re-building vignettes:
...
--- re-building ‘linkspotterVignette.Rmd’ using rmarkdown
Warning in engine$weave(file, quiet = quiet, encoding = enc) :
Pandoc (>= 1.12.3) not available. Falling back to R Markdown v1.
Quitting from lines 109-112 (linkspotterVignette.Rmd)
Error: processing vignette 'linkspotterVignette.Rmd' failed with diagnostics:
invalid 'path' argument
--- failed re-building ‘linkspotterVignette.Rmd’
SUMMARY: processing the following file failed:
‘linkspotterVignette.Rmd’
Error: Vignette re-building failed.
Execution halted
Flavors: r-release-macos-x86_64, r-oldrel-macos-x86_64