Last updated on 2022-04-24 03:52:29 CEST.
Flavor | Version | Tinstall | Tcheck | Ttotal | Status | Flags |
---|---|---|---|---|---|---|
r-devel-linux-x86_64-debian-clang | 0.0.4 | 2.86 | 45.60 | 48.46 | OK | |
r-devel-linux-x86_64-debian-gcc | 0.0.4 | 1.88 | 35.42 | 37.30 | OK | |
r-devel-linux-x86_64-fedora-clang | 0.0.4 | 59.88 | NOTE | |||
r-devel-linux-x86_64-fedora-gcc | 0.0.4 | 47.18 | OK | |||
r-patched-linux-x86_64 | 0.0.4 | 2.76 | 43.58 | 46.34 | OK | |
r-release-linux-x86_64 | 0.0.4 | 2.08 | 41.79 | 43.87 | OK | |
r-release-macos-arm64 | 0.0.4 | OK | ||||
r-release-macos-x86_64 | 0.0.4 | OK | ||||
r-release-windows-x86_64 | 0.0.4 | 14.00 | 80.00 | 94.00 | OK | |
r-oldrel-macos-arm64 | 0.0.4 | OK | ||||
r-oldrel-macos-x86_64 | 0.0.4 | OK | ||||
r-oldrel-windows-ix86+x86_64 | 0.0.4 | 7.00 | 60.00 | 67.00 | OK |
Version: 0.0.4
Check: Rd cross-references
Result: NOTE
Undeclared package ‘pinp’ in Rd xrefs
Flavor: r-devel-linux-x86_64-fedora-clang