Last updated on 2022-04-24 03:52:29 CEST.
Flavor | Version | Tinstall | Tcheck | Ttotal | Status | Flags |
---|---|---|---|---|---|---|
r-devel-linux-x86_64-debian-clang | 2.0.1 | 10.73 | 86.54 | 97.27 | NOTE | |
r-devel-linux-x86_64-debian-gcc | 2.0.1 | 7.70 | 64.04 | 71.74 | NOTE | |
r-devel-linux-x86_64-fedora-clang | 2.0.1 | 111.91 | NOTE | |||
r-devel-linux-x86_64-fedora-gcc | 2.0.1 | 111.43 | NOTE | |||
r-patched-linux-x86_64 | 2.0.1 | 8.58 | 81.01 | 89.59 | NOTE | |
r-release-linux-x86_64 | 2.0.1 | 8.46 | 80.05 | 88.51 | NOTE | |
r-release-macos-arm64 | 2.0.1 | NOTE | ||||
r-release-macos-x86_64 | 2.0.1 | NOTE | ||||
r-release-windows-x86_64 | 2.0.1 | 41.00 | 113.00 | 154.00 | NOTE | |
r-oldrel-macos-arm64 | 2.0.1 | NOTE | ||||
r-oldrel-macos-x86_64 | 2.0.1 | NOTE | ||||
r-oldrel-windows-ix86+x86_64 | 2.0.1 | 13.00 | 96.00 | 109.00 | NOTE |
Version: 2.0.1
Check: LazyData
Result: NOTE
'LazyData' is specified without a 'data' directory
Flavors: r-devel-linux-x86_64-debian-clang, r-devel-linux-x86_64-debian-gcc, r-devel-linux-x86_64-fedora-clang, r-devel-linux-x86_64-fedora-gcc, r-patched-linux-x86_64, r-release-linux-x86_64, r-release-macos-arm64, r-release-macos-x86_64, r-release-windows-x86_64, r-oldrel-macos-arm64, r-oldrel-macos-x86_64, r-oldrel-windows-ix86+x86_64