Last updated on 2022-04-24 03:52:29 CEST.
Flavor | Version | Tinstall | Tcheck | Ttotal | Status | Flags |
---|---|---|---|---|---|---|
r-devel-linux-x86_64-debian-clang | 0.1.4 | 2.37 | 32.11 | 34.48 | NOTE | |
r-devel-linux-x86_64-debian-gcc | 0.1.4 | 1.85 | 25.16 | 27.01 | NOTE | |
r-devel-linux-x86_64-fedora-clang | 0.1.4 | 42.84 | NOTE | |||
r-devel-linux-x86_64-fedora-gcc | 0.1.4 | 31.11 | NOTE | |||
r-patched-linux-x86_64 | 0.1.4 | 1.88 | 31.51 | 33.39 | NOTE | |
r-release-linux-x86_64 | 0.1.4 | 2.24 | 30.34 | 32.58 | NOTE | |
r-release-macos-arm64 | 0.1.4 | NOTE | ||||
r-release-macos-x86_64 | 0.1.4 | NOTE | ||||
r-release-windows-x86_64 | 0.1.4 | 27.00 | 44.00 | 71.00 | NOTE | |
r-oldrel-macos-arm64 | 0.1.4 | NOTE | ||||
r-oldrel-macos-x86_64 | 0.1.4 | NOTE | ||||
r-oldrel-windows-ix86+x86_64 | 0.1.4 | 5.00 | 29.00 | 34.00 | NOTE |
Version: 0.1.4
Check: R code for possible problems
Result: NOTE
getMatrix : <anonymous>: no visible global function definition for
'read.table'
Undefined global functions or variables:
read.table
Consider adding
importFrom("utils", "read.table")
to your NAMESPACE file.
Flavors: r-devel-linux-x86_64-debian-clang, r-devel-linux-x86_64-debian-gcc, r-devel-linux-x86_64-fedora-clang, r-devel-linux-x86_64-fedora-gcc, r-patched-linux-x86_64, r-release-linux-x86_64, r-release-macos-arm64, r-release-macos-x86_64, r-release-windows-x86_64, r-oldrel-macos-arm64, r-oldrel-macos-x86_64, r-oldrel-windows-ix86+x86_64