Last updated on 2022-04-24 03:52:29 CEST.
Flavor | Version | Tinstall | Tcheck | Ttotal | Status | Flags |
---|---|---|---|---|---|---|
r-devel-linux-x86_64-debian-clang | 1.11 | 2.99 | 55.84 | 58.83 | OK | |
r-devel-linux-x86_64-debian-gcc | 1.11 | 2.28 | 43.31 | 45.59 | OK | |
r-devel-linux-x86_64-fedora-clang | 1.11 | 77.33 | NOTE | |||
r-devel-linux-x86_64-fedora-gcc | 1.11 | 59.51 | NOTE | |||
r-patched-linux-x86_64 | 1.11 | 3.23 | 54.49 | 57.72 | OK | |
r-release-linux-x86_64 | 1.11 | 2.67 | 51.96 | 54.63 | OK | |
r-release-macos-arm64 | 1.11 | NOTE | ||||
r-release-macos-x86_64 | 1.11 | NOTE | ||||
r-release-windows-x86_64 | 1.11 | 19.00 | 78.00 | 97.00 | OK | |
r-oldrel-macos-arm64 | 1.11 | NOTE | ||||
r-oldrel-macos-x86_64 | 1.11 | NOTE | ||||
r-oldrel-windows-ix86+x86_64 | 1.11 | 6.00 | 68.00 | 74.00 | OK |
Version: 1.11
Check: data for non-ASCII characters
Result: NOTE
Note: found 266 marked UTF-8 strings
Flavors: r-devel-linux-x86_64-fedora-clang, r-devel-linux-x86_64-fedora-gcc, r-release-macos-arm64, r-release-macos-x86_64, r-oldrel-macos-arm64, r-oldrel-macos-x86_64