Last updated on 2022-04-24 03:52:29 CEST.
Flavor | Version | Tinstall | Tcheck | Ttotal | Status | Flags |
---|---|---|---|---|---|---|
r-devel-linux-x86_64-debian-clang | 1.5-1 | 1.94 | 29.74 | 31.68 | NOTE | |
r-devel-linux-x86_64-debian-gcc | 1.5-1 | 1.38 | 23.41 | 24.79 | NOTE | |
r-devel-linux-x86_64-fedora-clang | 1.5-1 | 39.57 | NOTE | |||
r-devel-linux-x86_64-fedora-gcc | 1.5-1 | 27.74 | NOTE | |||
r-patched-linux-x86_64 | 1.5-1 | 2.04 | 28.22 | 30.26 | NOTE | |
r-release-linux-x86_64 | 1.5-1 | 1.64 | 28.48 | 30.12 | NOTE | |
r-release-macos-arm64 | 1.5-1 | NOTE | ||||
r-release-macos-x86_64 | 1.5-1 | NOTE | ||||
r-release-windows-x86_64 | 1.5-1 | 13.00 | 42.00 | 55.00 | NOTE | |
r-oldrel-macos-arm64 | 1.5-1 | NOTE | ||||
r-oldrel-macos-x86_64 | 1.5-1 | NOTE | ||||
r-oldrel-windows-ix86+x86_64 | 1.5-1 | 4.00 | 26.00 | 30.00 | NOTE |
Version: 1.5-1
Check: R code for possible problems
Result: NOTE
lm.beta: no visible global function definition for 'coef'
lm.beta: no visible global function definition for 'model.matrix'
lm.beta: no visible global function definition for 'model.frame'
Undefined global functions or variables:
coef model.frame model.matrix
Consider adding
importFrom("stats", "coef", "model.frame", "model.matrix")
to your NAMESPACE file.
Flavors: r-devel-linux-x86_64-debian-clang, r-devel-linux-x86_64-debian-gcc, r-devel-linux-x86_64-fedora-clang, r-devel-linux-x86_64-fedora-gcc, r-patched-linux-x86_64, r-release-linux-x86_64, r-release-macos-arm64, r-release-macos-x86_64, r-release-windows-x86_64, r-oldrel-macos-arm64, r-oldrel-macos-x86_64, r-oldrel-windows-ix86+x86_64