Last updated on 2022-04-24 03:52:29 CEST.
Flavor | Version | Tinstall | Tcheck | Ttotal | Status | Flags |
---|---|---|---|---|---|---|
r-devel-linux-x86_64-debian-clang | 2.9.4 | 216.00 | 76.59 | 292.59 | OK | |
r-devel-linux-x86_64-debian-gcc | 2.9.4 | 153.65 | 56.75 | 210.40 | OK | |
r-devel-linux-x86_64-fedora-clang | 2.9.4 | 462.39 | OK | |||
r-devel-linux-x86_64-fedora-gcc | 2.9.4 | 350.03 | OK | |||
r-patched-linux-x86_64 | 2.9.4 | 162.96 | 76.62 | 239.58 | OK | |
r-release-linux-x86_64 | 2.9.4 | 164.44 | 76.18 | 240.62 | OK | |
r-release-macos-arm64 | 2.9.4 | NOTE | ||||
r-release-macos-x86_64 | 2.9.4 | OK | ||||
r-release-windows-x86_64 | 2.9.4 | 164.00 | 141.00 | 305.00 | OK | |
r-oldrel-macos-arm64 | 2.9.4 | NOTE | ||||
r-oldrel-macos-x86_64 | 2.9.4 | OK | ||||
r-oldrel-windows-ix86+x86_64 | 2.9.4 | 484.00 | 121.00 | 605.00 | OK |
Version: 2.9.4
Check: installed package size
Result: NOTE
installed size is 5.3Mb
sub-directories of 1Mb or more:
libs 4.9Mb
Flavors: r-release-macos-arm64, r-oldrel-macos-arm64