Last updated on 2022-04-24 03:52:29 CEST.
Flavor | Version | Tinstall | Tcheck | Ttotal | Status | Flags |
---|---|---|---|---|---|---|
r-devel-linux-x86_64-debian-clang | 0.9.4 | 12.86 | 101.17 | 114.03 | WARN | |
r-devel-linux-x86_64-debian-gcc | 0.9.4 | 8.35 | 74.66 | 83.01 | WARN | |
r-devel-linux-x86_64-fedora-clang | 0.9.4 | 142.13 | WARN | |||
r-devel-linux-x86_64-fedora-gcc | 0.9.4 | 126.00 | WARN | |||
r-patched-linux-x86_64 | 0.9.4 | 9.69 | 95.91 | 105.60 | OK | |
r-release-linux-x86_64 | 0.9.4 | 11.66 | 91.24 | 102.90 | OK | |
r-release-macos-arm64 | 0.9.4 | OK | ||||
r-release-macos-x86_64 | 0.9.4 | OK | ||||
r-release-windows-x86_64 | 0.9.4 | 33.00 | 113.00 | 146.00 | OK | |
r-oldrel-macos-arm64 | 0.9.4 | OK | ||||
r-oldrel-macos-x86_64 | 0.9.4 | OK | ||||
r-oldrel-windows-ix86+x86_64 | 0.9.4 | 22.00 | 106.00 | 128.00 | OK |
Version: 0.9.4
Check: Rd files
Result: WARN
checkRd: (7) DD.Rd:27: invalid email address: (andrea.onofri@unipg.it)
checkRd: (7) DD.Rd:27: invalid email address: (n.terzaroli@gmail.com)
checkRd: (7) DD.Rd:27: invalid email address: (luigi.russi@unipg.it)
checkRd: (7) GCA.Rd:26: invalid email address: (andrea.onofri@unipg.it)
checkRd: (7) GCA.Rd:26: invalid email address: (n.terzaroli@gmail.com)
checkRd: (7) GCA.Rd:26: invalid email address: (luigi.russi@unipg.it)
checkRd: (7) GCAC.Rd:26: invalid email address: (andrea.onofri@unipg.it)
checkRd: (7) GCAC.Rd:26: invalid email address: (n.terzaroli@gmail.com)
checkRd: (7) GCAC.Rd:26: invalid email address: (luigi.russi@unipg.it)
checkRd: (7) H.BAR.rd:23: invalid email address: (andrea.onofri@unipg.it)
checkRd: (7) H.BAR.rd:23: invalid email address: (n.terzaroli@gmail.com)
checkRd: (7) H.BAR.rd:23: invalid email address: (luigi.russi@unipg.it)
checkRd: (7) Hi.Rd:26: invalid email address: (andrea.onofri@unipg.it)
checkRd: (7) Hi.Rd:26: invalid email address: (n.terzaroli@gmail.com)
checkRd: (7) Hi.Rd:26: invalid email address: (luigi.russi@unipg.it)
checkRd: (7) MDD.Rd:23: invalid email address: (andrea.onofri@unipg.it)
checkRd: (7) MDD.Rd:23: invalid email address: (n.terzaroli@gmail.com)
checkRd: (7) MDD.Rd:23: invalid email address: (luigi.russi@unipg.it)
checkRd: (7) MatBlock.Rd:19: invalid email address: (andrea.onofri@unipg.it)
checkRd: (7) MatBlock.Rd:19: invalid email address: (n.terzaroli@gmail.com)
checkRd: (7) MatBlock.Rd:19: invalid email address: (luigi.russi@unipg.it)
checkRd: (7) REC.Rd:26: invalid email address: (andrea.onofri@unipg.it)
checkRd: (7) REC.Rd:26: invalid email address: (n.terzaroli@gmail.com)
checkRd: (7) REC.Rd:26: invalid email address: (luigi.russi@unipg.it)
checkRd: (7) RGCA.Rd:27: invalid email address: (andrea.onofri@unipg.it)
checkRd: (7) RGCA.Rd:27: invalid email address: (n.terzaroli@gmail.com)
checkRd: (7) RGCA.Rd:27: invalid email address: (luigi.russi@unipg.it)
checkRd: (7) RSCA.Rd:27: invalid email address: (andrea.onofri@unipg.it)
checkRd: (7) RSCA.Rd:27: invalid email address: (n.terzaroli@gmail.com)
checkRd: (7) RSCA.Rd:27: invalid email address: (luigi.russi@unipg.it)
checkRd: (7) SCA.Rd:29: invalid email address: (andrea.onofri@unipg.it)
checkRd: (7) SCA.Rd:29: invalid email address: (n.terzaroli@gmail.com)
checkRd: (7) SCA.Rd:29: invalid email address: (luigi.russi@unipg.it)
checkRd: (7) SP.Rd:26: invalid email address: (andrea.onofri@unipg.it)
checkRd: (7) SP.Rd:26: invalid email address: (n.terzaroli@gmail.com)
checkRd: (7) SP.Rd:26: invalid email address: (luigi.russi@unipg.it)
checkRd: (7) VEi.Rd:26: invalid email address: (andrea.onofri@unipg.it)
checkRd: (7) VEi.Rd:26: invalid email address: (n.terzaroli@gmail.com)
checkRd: (7) VEi.Rd:26: invalid email address: (luigi.russi@unipg.it)
checkRd: (7) blockMatrixDiagonal.Rd:26: invalid email address: (andrea.onofri@unipg.it)
checkRd: (7) blockMatrixDiagonal.Rd:26: invalid email address: (n.terzaroli@gmail.com)
checkRd: (7) blockMatrixDiagonal.Rd:26: invalid email address: (luigi.russi@unipg.it)
checkRd: (7) diallelMET.Rd:22: invalid email address: (andrea.onofri@unipg.it)
checkRd: (7) diallelMET.Rd:22: invalid email address: (n.terzaroli@gmail.com)
checkRd: (7) diallelMET.Rd:22: invalid email address: (luigi.russi@unipg.it)
checkRd: (7) expand.diallel.Rd:23: invalid email address: (andrea.onofri@unipg.it)
checkRd: (7) expand.diallel.Rd:23: invalid email address: (n.terzaroli@gmail.com)
checkRd: (7) expand.diallel.Rd:23: invalid email address: (luigi.russi@unipg.it)
checkRd: (7) griffing56.Rd:24: invalid email address: (andrea.onofri@unipg.it)
checkRd: (7) griffing56.Rd:24: invalid email address: (n.terzaroli@gmail.com)
checkRd: (7) griffing56.Rd:24: invalid email address: (luigi.russi@unipg.it)
checkRd: (7) hayman54.Rd:21: invalid email address: (andrea.onofri@unipg.it)
checkRd: (7) hayman54.Rd:21: invalid email address: (n.terzaroli@gmail.com)
checkRd: (7) hayman54.Rd:21: invalid email address: (luigi.russi@unipg.it)
checkRd: (7) lm.diallel.Rd:60: invalid email address: (andrea.onofri@unipg.it)
checkRd: (7) lm.diallel.Rd:60: invalid email address: (n.terzaroli@gmail.com)
checkRd: (7) lm.diallel.Rd:60: invalid email address: (luigi.russi@unipg.it)
checkRd: (7) lonnquist61.Rd:20: invalid email address: (andrea.onofri@unipg.it)
checkRd: (7) lonnquist61.Rd:20: invalid email address: (n.terzaroli@gmail.com)
checkRd: (7) lonnquist61.Rd:20: invalid email address: (luigi.russi@unipg.it)
checkRd: (7) mmer.diallel.Rd:30: invalid email address: (andrea.onofri@unipg.it)
checkRd: (7) mmer.diallel.Rd:30: invalid email address: (n.terzaroli@gmail.com)
checkRd: (7) mmer.diallel.Rd:30: invalid email address: (luigi.russi@unipg.it)
checkRd: (7) model.matrixDiallel.rd:32: invalid email address: (andrea.onofri@unipg.it)
checkRd: (7) model.matrixDiallel.rd:32: invalid email address: (n.terzaroli@gmail.com)
checkRd: (7) model.matrixDiallel.rd:32: invalid email address: (luigi.russi@unipg.it)
checkRd: (7) tSCA.Rd:26: invalid email address: (andrea.onofri@unipg.it)
checkRd: (7) tSCA.Rd:26: invalid email address: (n.terzaroli@gmail.com)
checkRd: (7) tSCA.Rd:26: invalid email address: (luigi.russi@unipg.it)
checkRd: (7) zhang05.Rd:23: invalid email address: (andrea.onofri@unipg.it)
checkRd: (7) zhang05.Rd:23: invalid email address: (n.terzaroli@gmail.com)
checkRd: (7) zhang05.Rd:23: invalid email address: (luigi.russi@unipg.it)
Flavors: r-devel-linux-x86_64-debian-clang, r-devel-linux-x86_64-debian-gcc, r-devel-linux-x86_64-fedora-clang, r-devel-linux-x86_64-fedora-gcc