Last updated on 2022-04-24 03:52:29 CEST.
Flavor | Version | Tinstall | Tcheck | Ttotal | Status | Flags |
---|---|---|---|---|---|---|
r-devel-linux-x86_64-debian-clang | 1.1-29 | 110.27 | 619.56 | 729.83 | OK | |
r-devel-linux-x86_64-debian-gcc | 1.1-29 | 86.73 | 455.06 | 541.79 | OK | |
r-devel-linux-x86_64-fedora-clang | 1.1-29 | 898.96 | NOTE | |||
r-devel-linux-x86_64-fedora-gcc | 1.1-29 | 864.08 | OK | |||
r-patched-linux-x86_64 | 1.1-29 | 97.02 | 582.42 | 679.44 | OK | |
r-release-linux-x86_64 | 1.1-29 | 69.50 | 535.30 | 604.80 | OK | |
r-release-macos-arm64 | 1.1-29 | NOTE | ||||
r-release-macos-x86_64 | 1.1-29 | NOTE | ||||
r-release-windows-x86_64 | 1.1-29 | 138.00 | 573.00 | 711.00 | NOTE | |
r-oldrel-macos-arm64 | 1.1-29 | NOTE | ||||
r-oldrel-macos-x86_64 | 1.1-29 | NOTE | ||||
r-oldrel-windows-ix86+x86_64 | 1.1-29 | 228.00 | 726.00 | 954.00 | NOTE |
Version: 1.1-29
Check: installed package size
Result: NOTE
installed size is 24.1Mb
sub-directories of 1Mb or more:
R 1.5Mb
doc 2.0Mb
libs 18.5Mb
testdata 1.3Mb
Flavors: r-devel-linux-x86_64-fedora-clang, r-release-macos-arm64, r-release-macos-x86_64, r-release-windows-x86_64, r-oldrel-macos-arm64, r-oldrel-macos-x86_64, r-oldrel-windows-ix86+x86_64